{"id":12935,"date":"2025-09-30T12:40:20","date_gmt":"2025-09-30T09:40:20","guid":{"rendered":"http:\/\/20.124.82.17\/wordpress\/index.php\/urun\/27-asus-va27ehf-ips-1ms-100hz-eyecare-flicker-free-erevesz-dk-mav-iik-m-90lm0550-b04170-kar58158\/"},"modified":"2025-10-16T05:37:25","modified_gmt":"2025-10-16T02:37:25","slug":"27-asus-va27ehf-ips-1ms-100hz-eyecare-flicker-free-erevesz-dk-mav-iik-m-90lm0550-b04170-kar58158","status":"publish","type":"product","link":"https:\/\/www.a8bilisim.com\/index.php\/urun\/27-asus-va27ehf-ips-1ms-100hz-eyecare-flicker-free-erevesz-dk-mav-iik-m-90lm0550-b04170-kar58158\/","title":{"rendered":"27&#8243; ASUS VA27EHF IPS 1ms 100Hz EYECARE FLICKER-FREE &#xC7;ER&#xC7;EVES&#x130;Z D&#xDC;&#x15E;&#xDC;K MAV&#x130; I&#x15E;IK M \/ 90LM0550-B04170-KAR58158"},"content":{"rendered":"<p>\u00dcr\u00fcn Ad\u0131: 27&#8243; ASUS VA27EHF IPS 1ms 100Hz EYECARE FLICKER-FREE &#xC7;ER&#xC7;EVES&#x130;Z D&#xDC;&#x15E;&#xDC;K MAV&#x130; I&#x15E;IK M<\/p>\n<p>Stok No: KAR58158<\/p>\n<p>Stok Kodu:90LM0550-B04170<\/p>\n<p>Kategori Ad\u0131: Monit&#xF6;rler<\/p>\n<p>Marka:\u00a0 ASUS<\/p>\n<p>EAN Kodu: 4711387078334<\/p>\n<p><strong>Stoklar\u0131m\u0131zdaki Anl\u0131k De\u011fi\u015fimlerden Dolay\u0131 \u0130stedi\u011finiz \u00fcr\u00fcn\u00fcn stokta kalmamas\u0131 durumunda sipari\u015finiz iptal edilip \u00dccretiniz iade edilecek ve konu hakk\u0131nda size bilgi verilecektir.<\/strong><\/p>\n<p>Son G\u00fcncellenme Tarihi :16-10-2025 00:36<\/p>\n<p>&nbsp;<\/p>\n","protected":false},"excerpt":{"rendered":"<p>27&#8243; ASUS VA27EHF IPS 1ms 100Hz EYECARE FLICKER-FREE &#xC7;ER&#xC7;EVES&#x130;Z D&#xDC;&#x15E;&#xDC;K MAV&#x130; I&#x15E;IK M &#8211; Stok Kodu:90LM0550-B04170 -KAR58158 &#8211; Monit&#xF6;rler. Son G\u00fcncellenme Tarihi :16-10-2025 00:36<\/p>\n","protected":false},"featured_media":12937,"template":"","meta":{"_monsterinsights_skip_tracking":false,"_monsterinsights_sitenote_active":false,"_monsterinsights_sitenote_note":"","_monsterinsights_sitenote_category":0,"_joinchat":[]},"product_brand":[194],"product_cat":[329],"product_tag":[127,128,129,130,131,132,133,134,135,136,137,138,139,140,141,142,143,144,145],"class_list":{"0":"post-12935","1":"product","2":"type-product","3":"status-publish","4":"has-post-thumbnail","6":"product_brand-asus","7":"product_cat-monitrler","8":"product_tag-anakart","9":"product_tag-bilgisayar","10":"product_tag-bilgisayar-bilesenleri","11":"product_tag-bilgisayar-parcalari","12":"product_tag-dizustu-bilgisayar","13":"product_tag-ekran-karti","14":"product_tag-gaming-bilgisayar","15":"product_tag-gaming-laptop","16":"product_tag-gaming-monitor","17":"product_tag-gaming-mouse","18":"product_tag-guc-kaynagi-psu","19":"product_tag-islemci-cpu","20":"product_tag-klavye","21":"product_tag-laptop","22":"product_tag-masaustu-bilgisayar","23":"product_tag-mekanik-klavye","24":"product_tag-monitor","25":"product_tag-oyun-bilgisayari","26":"product_tag-ssd","27":"pa_marka-asus","29":"first","30":"outofstock","31":"sale","32":"purchasable","33":"product-type-simple"},"aioseo_notices":[],"_links":{"self":[{"href":"https:\/\/www.a8bilisim.com\/index.php\/wp-json\/wp\/v2\/product\/12935","targetHints":{"allow":["GET"]}}],"collection":[{"href":"https:\/\/www.a8bilisim.com\/index.php\/wp-json\/wp\/v2\/product"}],"about":[{"href":"https:\/\/www.a8bilisim.com\/index.php\/wp-json\/wp\/v2\/types\/product"}],"version-history":[{"count":17,"href":"https:\/\/www.a8bilisim.com\/index.php\/wp-json\/wp\/v2\/product\/12935\/revisions"}],"predecessor-version":[{"id":97047,"href":"https:\/\/www.a8bilisim.com\/index.php\/wp-json\/wp\/v2\/product\/12935\/revisions\/97047"}],"wp:featuredmedia":[{"embeddable":true,"href":"https:\/\/www.a8bilisim.com\/index.php\/wp-json\/wp\/v2\/media\/12937"}],"wp:attachment":[{"href":"https:\/\/www.a8bilisim.com\/index.php\/wp-json\/wp\/v2\/media?parent=12935"}],"wp:term":[{"taxonomy":"product_brand","embeddable":true,"href":"https:\/\/www.a8bilisim.com\/index.php\/wp-json\/wp\/v2\/product_brand?post=12935"},{"taxonomy":"product_cat","embeddable":true,"href":"https:\/\/www.a8bilisim.com\/index.php\/wp-json\/wp\/v2\/product_cat?post=12935"},{"taxonomy":"product_tag","embeddable":true,"href":"https:\/\/www.a8bilisim.com\/index.php\/wp-json\/wp\/v2\/product_tag?post=12935"}],"curies":[{"name":"wp","href":"https:\/\/api.w.org\/{rel}","templated":true}]}}