{"id":19303,"date":"2025-09-30T14:21:06","date_gmt":"2025-09-30T11:21:06","guid":{"rendered":"http:\/\/20.124.82.17\/wordpress\/index.php\/urun\/wd-8tb-purple-3-5-sata3-5640rpm-128mb-7-24-gvenlik-hdd-wd84purz-wd84purz-akn42885\/"},"modified":"2025-11-26T07:53:15","modified_gmt":"2025-11-26T04:53:15","slug":"wd-8tb-purple-3-5-sata3-5640rpm-128mb-7-24-gvenlik-hdd-wd84purz-wd84purz-akn42885","status":"publish","type":"product","link":"https:\/\/www.a8bilisim.com\/index.php\/urun\/wd-8tb-purple-3-5-sata3-5640rpm-128mb-7-24-gvenlik-hdd-wd84purz-wd84purz-akn42885\/","title":{"rendered":"WD 8TB Purple 3.5&#8243; Sata3 5640Rpm 128MB 7\/24 G&#xFC;venlik Hdd [WD84PURZ] \/ WD84PURZ-AKN42885"},"content":{"rendered":"<p>\u00dcr\u00fcn Ad\u0131: WD 8TB Purple 3.5&#8243; Sata3 5640Rpm 128MB 7\/24 G&#xFC;venlik Hdd [WD84PURZ]<\/p>\n<p>Stok No: AKN42885<\/p>\n<p>Stok Kodu:WD84PURZ<\/p>\n<p>Kategori Ad\u0131: HardDisk G&#xFC;venlik  (7\/24)<\/p>\n<p>Marka:\u00a0 W. DIGITAL<\/p>\n<p>EAN Kodu: <\/p>\n<p><strong>Stoklar\u0131m\u0131zdaki Anl\u0131k De\u011fi\u015fimlerden Dolay\u0131 \u0130stedi\u011finiz \u00fcr\u00fcn\u00fcn stokta kalmamas\u0131 durumunda sipari\u015finiz iptal edilip \u00dccretiniz iade edilecek ve konu hakk\u0131nda size bilgi verilecektir.<\/strong><\/p>\n<p>Son G\u00fcncellenme Tarihi :26-11-2025 00:36<\/p>\n<p>&nbsp;<\/p>\n","protected":false},"excerpt":{"rendered":"<p>WD 8TB Purple 3.5&#8243; Sata3 5640Rpm 128MB 7\/24 G&#xFC;venlik Hdd [WD84PURZ] &#8211; Stok Kodu:WD84PURZ -AKN42885 &#8211; HardDisk G&#xFC;venlik  (7\/24). Son G\u00fcncellenme Tarihi :26-11-2025 00:36<\/p>\n","protected":false},"featured_media":19305,"template":"","meta":{"_monsterinsights_skip_tracking":false,"_monsterinsights_sitenote_active":false,"_monsterinsights_sitenote_note":"","_monsterinsights_sitenote_category":0,"_joinchat":[]},"product_brand":[431],"product_cat":[224],"product_tag":[127,128,129,130,131,132,133,134,135,136,137,138,139,140,141,142,143,144,145],"class_list":{"0":"post-19303","1":"product","2":"type-product","3":"status-publish","4":"has-post-thumbnail","6":"product_brand-w-digital","7":"product_cat-harddisk","8":"product_tag-anakart","9":"product_tag-bilgisayar","10":"product_tag-bilgisayar-bilesenleri","11":"product_tag-bilgisayar-parcalari","12":"product_tag-dizustu-bilgisayar","13":"product_tag-ekran-karti","14":"product_tag-gaming-bilgisayar","15":"product_tag-gaming-laptop","16":"product_tag-gaming-monitor","17":"product_tag-gaming-mouse","18":"product_tag-guc-kaynagi-psu","19":"product_tag-islemci-cpu","20":"product_tag-klavye","21":"product_tag-laptop","22":"product_tag-masaustu-bilgisayar","23":"product_tag-mekanik-klavye","24":"product_tag-monitor","25":"product_tag-oyun-bilgisayari","26":"product_tag-ssd","27":"pa_marka-w-digital","29":"first","30":"outofstock","31":"sale","32":"purchasable","33":"product-type-simple"},"aioseo_notices":[],"_links":{"self":[{"href":"https:\/\/www.a8bilisim.com\/index.php\/wp-json\/wp\/v2\/product\/19303","targetHints":{"allow":["GET"]}}],"collection":[{"href":"https:\/\/www.a8bilisim.com\/index.php\/wp-json\/wp\/v2\/product"}],"about":[{"href":"https:\/\/www.a8bilisim.com\/index.php\/wp-json\/wp\/v2\/types\/product"}],"version-history":[{"count":56,"href":"https:\/\/www.a8bilisim.com\/index.php\/wp-json\/wp\/v2\/product\/19303\/revisions"}],"predecessor-version":[{"id":262784,"href":"https:\/\/www.a8bilisim.com\/index.php\/wp-json\/wp\/v2\/product\/19303\/revisions\/262784"}],"wp:featuredmedia":[{"embeddable":true,"href":"https:\/\/www.a8bilisim.com\/index.php\/wp-json\/wp\/v2\/media\/19305"}],"wp:attachment":[{"href":"https:\/\/www.a8bilisim.com\/index.php\/wp-json\/wp\/v2\/media?parent=19303"}],"wp:term":[{"taxonomy":"product_brand","embeddable":true,"href":"https:\/\/www.a8bilisim.com\/index.php\/wp-json\/wp\/v2\/product_brand?post=19303"},{"taxonomy":"product_cat","embeddable":true,"href":"https:\/\/www.a8bilisim.com\/index.php\/wp-json\/wp\/v2\/product_cat?post=19303"},{"taxonomy":"product_tag","embeddable":true,"href":"https:\/\/www.a8bilisim.com\/index.php\/wp-json\/wp\/v2\/product_tag?post=19303"}],"curies":[{"name":"wp","href":"https:\/\/api.w.org\/{rel}","templated":true}]}}