{"id":21908,"date":"2025-09-30T15:00:43","date_gmt":"2025-09-30T12:00:43","guid":{"rendered":"http:\/\/20.124.82.17\/wordpress\/index.php\/urun\/honeywell-eda51k-6703-4in-3gb-32gb-1d-2d-okuyucu-wifi-android-10-el-terminali-tu-takml-29204-gun29204\/"},"modified":"2025-11-11T07:44:39","modified_gmt":"2025-11-11T04:44:39","slug":"honeywell-eda51k-6703-4in-3gb-32gb-1d-2d-okuyucu-wifi-android-10-el-terminali-tu-takml-29204-gun29204","status":"publish","type":"product","link":"https:\/\/www.a8bilisim.com\/index.php\/urun\/honeywell-eda51k-6703-4in-3gb-32gb-1d-2d-okuyucu-wifi-android-10-el-terminali-tu-takml-29204-gun29204\/","title":{"rendered":"HONEYWELL EDA51K 6703 4&#8243;(in&#xE7;) 3GB\/32GB 1D\/2D Okuyucu Wifi Android 10 El Terminali Tu&#x15F; Tak&#x131;ml&#x131; \/ 29204-GUN29204"},"content":{"rendered":"<p>\u00dcr\u00fcn Ad\u0131: HONEYWELL EDA51K 6703 4&#8243;(in&#xE7;) 3GB\/32GB 1D\/2D Okuyucu Wifi Android 10 El Terminali Tu&#x15F; Tak&#x131;ml&#x131;<\/p>\n<p>Stok No: GUN29204<\/p>\n<p>Stok Kodu:29204<\/p>\n<p>Kategori Ad\u0131: El Terminalleri<\/p>\n<p>Marka:\u00a0 HONEYWELL<\/p>\n<p>EAN Kodu: <\/p>\n<p><strong>Stoklar\u0131m\u0131zdaki Anl\u0131k De\u011fi\u015fimlerden Dolay\u0131 \u0130stedi\u011finiz \u00fcr\u00fcn\u00fcn stokta kalmamas\u0131 durumunda sipari\u015finiz iptal edilip \u00dccretiniz iade edilecek ve konu hakk\u0131nda size bilgi verilecektir.<\/strong><\/p>\n<p>Son G\u00fcncellenme Tarihi :11-11-2025 00:30<\/p>\n<p>&nbsp;<\/p>\n","protected":false},"excerpt":{"rendered":"<p>HONEYWELL EDA51K 6703 4&#8243;(in&#xE7;) 3GB\/32GB 1D\/2D Okuyucu Wifi Android 10 El Terminali Tu&#x15F; Tak&#x131;ml&#x131; &#8211; Stok Kodu:29204 -GUN29204 &#8211; El Terminalleri. Son G\u00fcncellenme Tarihi :11-11-2025 00:30<\/p>\n","protected":false},"featured_media":21910,"template":"","meta":{"_monsterinsights_skip_tracking":false,"_monsterinsights_sitenote_active":false,"_monsterinsights_sitenote_note":"","_monsterinsights_sitenote_category":0,"_joinchat":[]},"product_brand":[299],"product_cat":[300],"product_tag":[127,128,129,130,131,132,133,134,135,136,137,138,139,140,141,142,143,144,145],"class_list":{"0":"post-21908","1":"product","2":"type-product","3":"status-publish","4":"has-post-thumbnail","6":"product_brand-honeywell","7":"product_cat-el-terminalleri","8":"product_tag-anakart","9":"product_tag-bilgisayar","10":"product_tag-bilgisayar-bilesenleri","11":"product_tag-bilgisayar-parcalari","12":"product_tag-dizustu-bilgisayar","13":"product_tag-ekran-karti","14":"product_tag-gaming-bilgisayar","15":"product_tag-gaming-laptop","16":"product_tag-gaming-monitor","17":"product_tag-gaming-mouse","18":"product_tag-guc-kaynagi-psu","19":"product_tag-islemci-cpu","20":"product_tag-klavye","21":"product_tag-laptop","22":"product_tag-masaustu-bilgisayar","23":"product_tag-mekanik-klavye","24":"product_tag-monitor","25":"product_tag-oyun-bilgisayari","26":"product_tag-ssd","27":"pa_marka-honeywell","29":"first","30":"outofstock","31":"sale","32":"purchasable","33":"product-type-simple"},"aioseo_notices":[],"_links":{"self":[{"href":"https:\/\/www.a8bilisim.com\/index.php\/wp-json\/wp\/v2\/product\/21908","targetHints":{"allow":["GET"]}}],"collection":[{"href":"https:\/\/www.a8bilisim.com\/index.php\/wp-json\/wp\/v2\/product"}],"about":[{"href":"https:\/\/www.a8bilisim.com\/index.php\/wp-json\/wp\/v2\/types\/product"}],"version-history":[{"count":38,"href":"https:\/\/www.a8bilisim.com\/index.php\/wp-json\/wp\/v2\/product\/21908\/revisions"}],"predecessor-version":[{"id":199535,"href":"https:\/\/www.a8bilisim.com\/index.php\/wp-json\/wp\/v2\/product\/21908\/revisions\/199535"}],"wp:featuredmedia":[{"embeddable":true,"href":"https:\/\/www.a8bilisim.com\/index.php\/wp-json\/wp\/v2\/media\/21910"}],"wp:attachment":[{"href":"https:\/\/www.a8bilisim.com\/index.php\/wp-json\/wp\/v2\/media?parent=21908"}],"wp:term":[{"taxonomy":"product_brand","embeddable":true,"href":"https:\/\/www.a8bilisim.com\/index.php\/wp-json\/wp\/v2\/product_brand?post=21908"},{"taxonomy":"product_cat","embeddable":true,"href":"https:\/\/www.a8bilisim.com\/index.php\/wp-json\/wp\/v2\/product_cat?post=21908"},{"taxonomy":"product_tag","embeddable":true,"href":"https:\/\/www.a8bilisim.com\/index.php\/wp-json\/wp\/v2\/product_tag?post=21908"}],"curies":[{"name":"wp","href":"https:\/\/api.w.org\/{rel}","templated":true}]}}