{"id":22126,"date":"2025-09-30T15:19:16","date_gmt":"2025-09-30T12:19:16","guid":{"rendered":"http:\/\/20.124.82.17\/wordpress\/index.php\/urun\/5-blme-8-join-metal-para-ekmecesi-32112-gun8682520411409\/"},"modified":"2026-01-02T05:22:59","modified_gmt":"2026-01-02T02:22:59","slug":"5-blme-8-join-metal-para-ekmecesi-32112-gun8682520411409","status":"publish","type":"product","link":"https:\/\/www.a8bilisim.com\/index.php\/urun\/5-blme-8-join-metal-para-ekmecesi-32112-gun8682520411409\/","title":{"rendered":"5 B&#xF6;lme 8 JOIN Metal Para &#xC7;ekmecesi \/ 32112-GUN8682520411409"},"content":{"rendered":"<p>\u00dcr\u00fcn Ad\u0131: 5 B&#xF6;lme 8 JOIN Metal Para &#xC7;ekmecesi<\/p>\n<p>Stok No: GUN8682520411409<\/p>\n<p>Stok Kodu:32112<\/p>\n<p>Kategori Ad\u0131: Barkod Yaz&#x131;c&#x131;lar<\/p>\n<p>Marka:\u00a0 <\/p>\n<p>EAN Kodu: <\/p>\n<p><strong>Stoklar\u0131m\u0131zdaki Anl\u0131k De\u011fi\u015fimlerden Dolay\u0131 \u0130stedi\u011finiz \u00fcr\u00fcn\u00fcn stokta kalmamas\u0131 durumunda sipari\u015finiz iptal edilip \u00dccretiniz iade edilecek ve konu hakk\u0131nda size bilgi verilecektir.<\/strong><\/p>\n<p>Son G\u00fcncellenme Tarihi :02-01-2026 00:30<\/p>\n<p>&nbsp;<\/p>\n","protected":false},"excerpt":{"rendered":"<p>5 B&#xF6;lme 8 JOIN Metal Para &#xC7;ekmecesi &#8211; Stok Kodu:32112 -GUN8682520411409 &#8211; Barkod Yaz&#x131;c&#x131;lar. Son G\u00fcncellenme Tarihi :02-01-2026 00:30<\/p>\n","protected":false},"featured_media":22128,"template":"","meta":{"_monsterinsights_skip_tracking":false,"_monsterinsights_sitenote_active":false,"_monsterinsights_sitenote_note":"","_monsterinsights_sitenote_category":0,"_joinchat":[]},"product_brand":[],"product_cat":[155],"product_tag":[127,128,129,130,131,132,133,134,135,136,137,138,139,140,141,142,143,144,145],"class_list":{"0":"post-22126","1":"product","2":"type-product","3":"status-publish","4":"has-post-thumbnail","6":"product_cat-barkod-yazc","7":"product_tag-anakart","8":"product_tag-bilgisayar","9":"product_tag-bilgisayar-bilesenleri","10":"product_tag-bilgisayar-parcalari","11":"product_tag-dizustu-bilgisayar","12":"product_tag-ekran-karti","13":"product_tag-gaming-bilgisayar","14":"product_tag-gaming-laptop","15":"product_tag-gaming-monitor","16":"product_tag-gaming-mouse","17":"product_tag-guc-kaynagi-psu","18":"product_tag-islemci-cpu","19":"product_tag-klavye","20":"product_tag-laptop","21":"product_tag-masaustu-bilgisayar","22":"product_tag-mekanik-klavye","23":"product_tag-monitor","24":"product_tag-oyun-bilgisayari","25":"product_tag-ssd","27":"first","28":"outofstock","29":"sale","30":"purchasable","31":"product-type-simple"},"aioseo_notices":[],"_links":{"self":[{"href":"https:\/\/www.a8bilisim.com\/index.php\/wp-json\/wp\/v2\/product\/22126","targetHints":{"allow":["GET"]}}],"collection":[{"href":"https:\/\/www.a8bilisim.com\/index.php\/wp-json\/wp\/v2\/product"}],"about":[{"href":"https:\/\/www.a8bilisim.com\/index.php\/wp-json\/wp\/v2\/types\/product"}],"version-history":[{"count":40,"href":"https:\/\/www.a8bilisim.com\/index.php\/wp-json\/wp\/v2\/product\/22126\/revisions"}],"predecessor-version":[{"id":401013,"href":"https:\/\/www.a8bilisim.com\/index.php\/wp-json\/wp\/v2\/product\/22126\/revisions\/401013"}],"wp:featuredmedia":[{"embeddable":true,"href":"https:\/\/www.a8bilisim.com\/index.php\/wp-json\/wp\/v2\/media\/22128"}],"wp:attachment":[{"href":"https:\/\/www.a8bilisim.com\/index.php\/wp-json\/wp\/v2\/media?parent=22126"}],"wp:term":[{"taxonomy":"product_brand","embeddable":true,"href":"https:\/\/www.a8bilisim.com\/index.php\/wp-json\/wp\/v2\/product_brand?post=22126"},{"taxonomy":"product_cat","embeddable":true,"href":"https:\/\/www.a8bilisim.com\/index.php\/wp-json\/wp\/v2\/product_cat?post=22126"},{"taxonomy":"product_tag","embeddable":true,"href":"https:\/\/www.a8bilisim.com\/index.php\/wp-json\/wp\/v2\/product_tag?post=22126"}],"curies":[{"name":"wp","href":"https:\/\/api.w.org\/{rel}","templated":true}]}}