{"id":23146,"date":"2025-09-30T15:36:20","date_gmt":"2025-09-30T12:36:20","guid":{"rendered":"http:\/\/20.124.82.17\/wordpress\/index.php\/urun\/intel-core-i5-10400f-lga1200-lemci-tray-vgasz-fansz-bbi-isl-in-0004-ivt42061\/"},"modified":"2025-10-08T08:48:05","modified_gmt":"2025-10-08T05:48:05","slug":"intel-core-i5-10400f-lga1200-lemci-tray-vgasz-fansz-bbi-isl-in-0004-ivt42061","status":"publish","type":"product","link":"https:\/\/www.a8bilisim.com\/index.php\/urun\/intel-core-i5-10400f-lga1200-lemci-tray-vgasz-fansz-bbi-isl-in-0004-ivt42061\/","title":{"rendered":"Intel Core i5-10400F LGA1200 &#x130;&#x15F;lemci (Tray &#8211; Vga&#8217;s&#x131;z &#8211; Fans&#x131;z) \/ Bbi.Isl.In.0004-IVT42061"},"content":{"rendered":"<p>\u00dcr\u00fcn Ad\u0131: Intel Core i5-10400F LGA1200 &#x130;&#x15F;lemci (Tray &#8211; Vga&#8217;s&#x131;z &#8211; Fans&#x131;z)<\/p>\n<p>Stok No: IVT42061<\/p>\n<p>Stok Kodu:Bbi.Isl.In.0004<\/p>\n<p>Kategori Ad\u0131: Intel &#x130;&#x15F;lemci<\/p>\n<p>Marka:\u00a0 Intel<\/p>\n<p>EAN Kodu: <\/p>\n<p><strong>Stoklar\u0131m\u0131zdaki Anl\u0131k De\u011fi\u015fimlerden Dolay\u0131 \u0130stedi\u011finiz \u00fcr\u00fcn\u00fcn stokta kalmamas\u0131 durumunda sipari\u015finiz iptal edilip \u00dccretiniz iade edilecek ve konu hakk\u0131nda size bilgi verilecektir.<\/strong><\/p>\n<p>Son G\u00fcncellenme Tarihi :08-10-2025 00:36<\/p>\n<p>&nbsp;<\/p>\n","protected":false},"excerpt":{"rendered":"<p>Intel Core i5-10400F LGA1200 &#x130;&#x15F;lemci (Tray &#8211; Vga&#8217;s&#x131;z &#8211; Fans&#x131;z) &#8211; Stok Kodu:Bbi.Isl.In.0004 -IVT42061 &#8211; Intel &#x130;&#x15F;lemci. Son G\u00fcncellenme Tarihi :08-10-2025 00:36<\/p>\n","protected":false},"featured_media":23148,"template":"","meta":{"_monsterinsights_skip_tracking":false,"_monsterinsights_sitenote_active":false,"_monsterinsights_sitenote_note":"","_monsterinsights_sitenote_category":0,"_joinchat":[]},"product_brand":[317],"product_cat":[276],"product_tag":[127,128,129,130,131,132,133,134,135,136,137,138,139,140,141,142,143,144,145],"class_list":{"0":"post-23146","1":"product","2":"type-product","3":"status-publish","4":"has-post-thumbnail","6":"product_brand-intel","7":"product_cat-lemciler","8":"product_tag-anakart","9":"product_tag-bilgisayar","10":"product_tag-bilgisayar-bilesenleri","11":"product_tag-bilgisayar-parcalari","12":"product_tag-dizustu-bilgisayar","13":"product_tag-ekran-karti","14":"product_tag-gaming-bilgisayar","15":"product_tag-gaming-laptop","16":"product_tag-gaming-monitor","17":"product_tag-gaming-mouse","18":"product_tag-guc-kaynagi-psu","19":"product_tag-islemci-cpu","20":"product_tag-klavye","21":"product_tag-laptop","22":"product_tag-masaustu-bilgisayar","23":"product_tag-mekanik-klavye","24":"product_tag-monitor","25":"product_tag-oyun-bilgisayari","26":"product_tag-ssd","27":"pa_marka-intel","29":"first","30":"outofstock","31":"sale","32":"purchasable","33":"product-type-simple"},"aioseo_notices":[],"_links":{"self":[{"href":"https:\/\/www.a8bilisim.com\/index.php\/wp-json\/wp\/v2\/product\/23146","targetHints":{"allow":["GET"]}}],"collection":[{"href":"https:\/\/www.a8bilisim.com\/index.php\/wp-json\/wp\/v2\/product"}],"about":[{"href":"https:\/\/www.a8bilisim.com\/index.php\/wp-json\/wp\/v2\/types\/product"}],"version-history":[{"count":9,"href":"https:\/\/www.a8bilisim.com\/index.php\/wp-json\/wp\/v2\/product\/23146\/revisions"}],"predecessor-version":[{"id":63618,"href":"https:\/\/www.a8bilisim.com\/index.php\/wp-json\/wp\/v2\/product\/23146\/revisions\/63618"}],"wp:featuredmedia":[{"embeddable":true,"href":"https:\/\/www.a8bilisim.com\/index.php\/wp-json\/wp\/v2\/media\/23148"}],"wp:attachment":[{"href":"https:\/\/www.a8bilisim.com\/index.php\/wp-json\/wp\/v2\/media?parent=23146"}],"wp:term":[{"taxonomy":"product_brand","embeddable":true,"href":"https:\/\/www.a8bilisim.com\/index.php\/wp-json\/wp\/v2\/product_brand?post=23146"},{"taxonomy":"product_cat","embeddable":true,"href":"https:\/\/www.a8bilisim.com\/index.php\/wp-json\/wp\/v2\/product_cat?post=23146"},{"taxonomy":"product_tag","embeddable":true,"href":"https:\/\/www.a8bilisim.com\/index.php\/wp-json\/wp\/v2\/product_tag?post=23146"}],"curies":[{"name":"wp","href":"https:\/\/api.w.org\/{rel}","templated":true}]}}