{"id":23193,"date":"2025-09-30T15:37:23","date_gmt":"2025-09-30T12:37:23","guid":{"rendered":"http:\/\/20.124.82.17\/wordpress\/index.php\/urun\/kioxia-exceria-pro-g2-1tb-pcie-nvme-gen4-3d-7300-6400-ssd-m-2-2280-lse10z001tg8-kar54859\/"},"modified":"2025-12-09T06:26:44","modified_gmt":"2025-12-09T03:26:44","slug":"kioxia-exceria-pro-g2-1tb-pcie-nvme-gen4-3d-7300-6400-ssd-m-2-2280-lse10z001tg8-kar54859","status":"publish","type":"product","link":"https:\/\/www.a8bilisim.com\/index.php\/urun\/kioxia-exceria-pro-g2-1tb-pcie-nvme-gen4-3d-7300-6400-ssd-m-2-2280-lse10z001tg8-kar54859\/","title":{"rendered":"KIOXIA EXCERIA PRO G2 1TB PCIe NVMe Gen4 3D 7300\/6400 SSD (M.2 2280) \/ LSE10Z001TG8-KAR54859"},"content":{"rendered":"<p>\u00dcr\u00fcn Ad\u0131: KIOXIA EXCERIA PRO G2 1TB PCIe NVMe Gen4 3D 7300\/6400 SSD (M.2 2280)<\/p>\n<p>Stok No: KAR54859<\/p>\n<p>Stok Kodu:LSE10Z001TG8<\/p>\n<p>Kategori Ad\u0131: PCIe NVMe SSD<\/p>\n<p>Marka:\u00a0 KIOXIA<\/p>\n<p>EAN Kodu: 4582563854048<\/p>\n<p><strong>Stoklar\u0131m\u0131zdaki Anl\u0131k De\u011fi\u015fimlerden Dolay\u0131 \u0130stedi\u011finiz \u00fcr\u00fcn\u00fcn stokta kalmamas\u0131 durumunda sipari\u015finiz iptal edilip \u00dccretiniz iade edilecek ve konu hakk\u0131nda size bilgi verilecektir.<\/strong><\/p>\n<p>Son G\u00fcncellenme Tarihi :09-12-2025 00:36<\/p>\n<p>&nbsp;<\/p>\n","protected":false},"excerpt":{"rendered":"<p>KIOXIA EXCERIA PRO G2 1TB PCIe NVMe Gen4 3D 7300\/6400 SSD (M.2 2280) &#8211; Stok Kodu:LSE10Z001TG8 -KAR54859 &#8211; PCIe NVMe SSD. Son G\u00fcncellenme Tarihi :09-12-2025 00:36<\/p>\n","protected":false},"featured_media":23195,"template":"","meta":{"_monsterinsights_skip_tracking":false,"_monsterinsights_sitenote_active":false,"_monsterinsights_sitenote_note":"","_monsterinsights_sitenote_category":0,"_joinchat":[]},"product_brand":[502],"product_cat":[289],"product_tag":[127,128,129,130,131,132,133,134,135,136,137,138,139,140,141,142,143,144,145],"class_list":{"0":"post-23193","1":"product","2":"type-product","3":"status-publish","4":"has-post-thumbnail","6":"product_brand-kioxia","7":"product_cat-ssd","8":"product_tag-anakart","9":"product_tag-bilgisayar","10":"product_tag-bilgisayar-bilesenleri","11":"product_tag-bilgisayar-parcalari","12":"product_tag-dizustu-bilgisayar","13":"product_tag-ekran-karti","14":"product_tag-gaming-bilgisayar","15":"product_tag-gaming-laptop","16":"product_tag-gaming-monitor","17":"product_tag-gaming-mouse","18":"product_tag-guc-kaynagi-psu","19":"product_tag-islemci-cpu","20":"product_tag-klavye","21":"product_tag-laptop","22":"product_tag-masaustu-bilgisayar","23":"product_tag-mekanik-klavye","24":"product_tag-monitor","25":"product_tag-oyun-bilgisayari","26":"product_tag-ssd","27":"pa_marka-kioxia","29":"first","30":"outofstock","31":"purchasable","32":"product-type-simple"},"aioseo_notices":[],"_links":{"self":[{"href":"https:\/\/www.a8bilisim.com\/index.php\/wp-json\/wp\/v2\/product\/23193","targetHints":{"allow":["GET"]}}],"collection":[{"href":"https:\/\/www.a8bilisim.com\/index.php\/wp-json\/wp\/v2\/product"}],"about":[{"href":"https:\/\/www.a8bilisim.com\/index.php\/wp-json\/wp\/v2\/types\/product"}],"version-history":[{"count":68,"href":"https:\/\/www.a8bilisim.com\/index.php\/wp-json\/wp\/v2\/product\/23193\/revisions"}],"predecessor-version":[{"id":313371,"href":"https:\/\/www.a8bilisim.com\/index.php\/wp-json\/wp\/v2\/product\/23193\/revisions\/313371"}],"wp:featuredmedia":[{"embeddable":true,"href":"https:\/\/www.a8bilisim.com\/index.php\/wp-json\/wp\/v2\/media\/23195"}],"wp:attachment":[{"href":"https:\/\/www.a8bilisim.com\/index.php\/wp-json\/wp\/v2\/media?parent=23193"}],"wp:term":[{"taxonomy":"product_brand","embeddable":true,"href":"https:\/\/www.a8bilisim.com\/index.php\/wp-json\/wp\/v2\/product_brand?post=23193"},{"taxonomy":"product_cat","embeddable":true,"href":"https:\/\/www.a8bilisim.com\/index.php\/wp-json\/wp\/v2\/product_cat?post=23193"},{"taxonomy":"product_tag","embeddable":true,"href":"https:\/\/www.a8bilisim.com\/index.php\/wp-json\/wp\/v2\/product_tag?post=23193"}],"curies":[{"name":"wp","href":"https:\/\/api.w.org\/{rel}","templated":true}]}}