{"id":27792,"date":"2025-10-01T08:06:03","date_gmt":"2025-10-01T05:06:03","guid":{"rendered":"http:\/\/20.124.82.17\/wordpress\/index.php\/urun\/dahua-xvr5104hs-i3-4-kanal-penta-brid-5mp-fhd-ahd-xvr-dvr-kayt-cihaz-xvr5104hs-i3-akn47358\/"},"modified":"2025-10-13T08:03:14","modified_gmt":"2025-10-13T05:03:14","slug":"dahua-xvr5104hs-i3-4-kanal-penta-brid-5mp-fhd-ahd-xvr-dvr-kayt-cihaz-xvr5104hs-i3-akn47358","status":"publish","type":"product","link":"https:\/\/www.a8bilisim.com\/index.php\/urun\/dahua-xvr5104hs-i3-4-kanal-penta-brid-5mp-fhd-ahd-xvr-dvr-kayt-cihaz-xvr5104hs-i3-akn47358\/","title":{"rendered":"Dahua XVR5104HS-I3 4 Kanal Penta-Brid 5MP FHD AHD XVR DVR Kay&#x131;t Cihaz&#x131; \/ XVR5104HS-I3-AKN47358"},"content":{"rendered":"<p>\u00dcr\u00fcn Ad\u0131: Dahua XVR5104HS-I3 4 Kanal Penta-Brid 5MP FHD AHD XVR DVR Kay&#x131;t Cihaz&#x131;<\/p>\n<p>Stok No: AKN47358<\/p>\n<p>Stok Kodu:XVR5104HS-I3<\/p>\n<p>Kategori Ad\u0131: AHD\/HD-CVI\/HD-TVI Kay&#x131;t Cihazlar&#x131;<\/p>\n<p>Marka:\u00a0 DAHUA<\/p>\n<p>EAN Kodu: <\/p>\n<p><strong>Stoklar\u0131m\u0131zdaki Anl\u0131k De\u011fi\u015fimlerden Dolay\u0131 \u0130stedi\u011finiz \u00fcr\u00fcn\u00fcn stokta kalmamas\u0131 durumunda sipari\u015finiz iptal edilip \u00dccretiniz iade edilecek ve konu hakk\u0131nda size bilgi verilecektir.<\/strong><\/p>\n<p>Son G\u00fcncellenme Tarihi :13-10-2025 00:35<\/p>\n<p>&nbsp;<\/p>\n","protected":false},"excerpt":{"rendered":"<p>Dahua XVR5104HS-I3 4 Kanal Penta-Brid 5MP FHD AHD XVR DVR Kay&#x131;t Cihaz&#x131; &#8211; Stok Kodu:XVR5104HS-I3 -AKN47358 &#8211; AHD\/HD-CVI\/HD-TVI Kay&#x131;t Cihazlar&#x131;. Son G\u00fcncellenme Tarihi :13-10-2025 00:35<\/p>\n","protected":false},"featured_media":27794,"template":"","meta":{"_monsterinsights_skip_tracking":false,"_monsterinsights_sitenote_active":false,"_monsterinsights_sitenote_note":"","_monsterinsights_sitenote_category":0,"_joinchat":[]},"product_brand":[465],"product_cat":[375],"product_tag":[127,128,129,130,131,132,133,134,135,136,137,138,139,140,141,142,143,144,145],"class_list":{"0":"post-27792","1":"product","2":"type-product","3":"status-publish","4":"has-post-thumbnail","6":"product_brand-dahua","7":"product_cat-gvenlik-kayt-cihazlar","8":"product_tag-anakart","9":"product_tag-bilgisayar","10":"product_tag-bilgisayar-bilesenleri","11":"product_tag-bilgisayar-parcalari","12":"product_tag-dizustu-bilgisayar","13":"product_tag-ekran-karti","14":"product_tag-gaming-bilgisayar","15":"product_tag-gaming-laptop","16":"product_tag-gaming-monitor","17":"product_tag-gaming-mouse","18":"product_tag-guc-kaynagi-psu","19":"product_tag-islemci-cpu","20":"product_tag-klavye","21":"product_tag-laptop","22":"product_tag-masaustu-bilgisayar","23":"product_tag-mekanik-klavye","24":"product_tag-monitor","25":"product_tag-oyun-bilgisayari","26":"product_tag-ssd","27":"pa_marka-dahua","29":"first","30":"outofstock","31":"sale","32":"purchasable","33":"product-type-simple"},"aioseo_notices":[],"_links":{"self":[{"href":"https:\/\/www.a8bilisim.com\/index.php\/wp-json\/wp\/v2\/product\/27792","targetHints":{"allow":["GET"]}}],"collection":[{"href":"https:\/\/www.a8bilisim.com\/index.php\/wp-json\/wp\/v2\/product"}],"about":[{"href":"https:\/\/www.a8bilisim.com\/index.php\/wp-json\/wp\/v2\/types\/product"}],"version-history":[{"count":10,"href":"https:\/\/www.a8bilisim.com\/index.php\/wp-json\/wp\/v2\/product\/27792\/revisions"}],"predecessor-version":[{"id":86205,"href":"https:\/\/www.a8bilisim.com\/index.php\/wp-json\/wp\/v2\/product\/27792\/revisions\/86205"}],"wp:featuredmedia":[{"embeddable":true,"href":"https:\/\/www.a8bilisim.com\/index.php\/wp-json\/wp\/v2\/media\/27794"}],"wp:attachment":[{"href":"https:\/\/www.a8bilisim.com\/index.php\/wp-json\/wp\/v2\/media?parent=27792"}],"wp:term":[{"taxonomy":"product_brand","embeddable":true,"href":"https:\/\/www.a8bilisim.com\/index.php\/wp-json\/wp\/v2\/product_brand?post=27792"},{"taxonomy":"product_cat","embeddable":true,"href":"https:\/\/www.a8bilisim.com\/index.php\/wp-json\/wp\/v2\/product_cat?post=27792"},{"taxonomy":"product_tag","embeddable":true,"href":"https:\/\/www.a8bilisim.com\/index.php\/wp-json\/wp\/v2\/product_tag?post=27792"}],"curies":[{"name":"wp","href":"https:\/\/api.w.org\/{rel}","templated":true}]}}