{"id":28116,"date":"2025-10-01T08:12:02","date_gmt":"2025-10-01T05:12:02","guid":{"rendered":"http:\/\/20.124.82.17\/wordpress\/index.php\/urun\/msi-mag-infinite-s3-13nuc5-1013eu-i5-13400f-16gb-1tb-ssd-8gb-rtx4060-vga-w11h-s3-13nuc5-1013eu-akn47600\/"},"modified":"2025-11-25T07:57:07","modified_gmt":"2025-11-25T04:57:07","slug":"msi-mag-infinite-s3-13nuc5-1013eu-i5-13400f-16gb-1tb-ssd-8gb-rtx4060-vga-w11h-s3-13nuc5-1013eu-akn47600","status":"publish","type":"product","link":"https:\/\/www.a8bilisim.com\/index.php\/urun\/msi-mag-infinite-s3-13nuc5-1013eu-i5-13400f-16gb-1tb-ssd-8gb-rtx4060-vga-w11h-s3-13nuc5-1013eu-akn47600\/","title":{"rendered":"MSI MAG INFINITE S3 13NUC5-1013EU [i5-13400F] 16GB  1TB SSD 8GB RTX4060 VGA W11H \/ S3 13NUC5-1013EU-AKN47600"},"content":{"rendered":"<p>\u00dcr\u00fcn Ad\u0131: MSI MAG INFINITE S3 13NUC5-1013EU [i5-13400F] 16GB  1TB SSD 8GB RTX4060 VGA W11H<\/p>\n<p>Stok No: AKN47600<\/p>\n<p>Stok Kodu:S3 13NUC5-1013EU<\/p>\n<p>Kategori Ad\u0131: Masa&#xFC;st&#xFC; PC<\/p>\n<p>Marka:\u00a0 MSI<\/p>\n<p>EAN Kodu: <\/p>\n<p><strong>Stoklar\u0131m\u0131zdaki Anl\u0131k De\u011fi\u015fimlerden Dolay\u0131 \u0130stedi\u011finiz \u00fcr\u00fcn\u00fcn stokta kalmamas\u0131 durumunda sipari\u015finiz iptal edilip \u00dccretiniz iade edilecek ve konu hakk\u0131nda size bilgi verilecektir.<\/strong><\/p>\n<p>Son G\u00fcncellenme Tarihi :25-11-2025 00:32<\/p>\n<p>&nbsp;<\/p>\n","protected":false},"excerpt":{"rendered":"<p>MSI MAG INFINITE S3 13NUC5-1013EU [i5-13400F] 16GB  1TB SSD 8GB RTX4060 VGA W11H &#8211; Stok Kodu:S3 13NUC5-1013EU -AKN47600 &#8211; Masa&#xFC;st&#xFC; PC. Son G\u00fcncellenme Tarihi :25-11-2025 00:32<\/p>\n","protected":false},"featured_media":28118,"template":"","meta":{"_monsterinsights_skip_tracking":false,"_monsterinsights_sitenote_active":false,"_monsterinsights_sitenote_note":"","_monsterinsights_sitenote_category":0,"_joinchat":[]},"product_brand":[236],"product_cat":[459],"product_tag":[127,128,129,130,131,132,133,134,135,136,137,138,139,140,141,142,143,144,145],"class_list":{"0":"post-28116","1":"product","2":"type-product","3":"status-publish","4":"has-post-thumbnail","6":"product_brand-msi","7":"product_cat-masast-pc","8":"product_tag-anakart","9":"product_tag-bilgisayar","10":"product_tag-bilgisayar-bilesenleri","11":"product_tag-bilgisayar-parcalari","12":"product_tag-dizustu-bilgisayar","13":"product_tag-ekran-karti","14":"product_tag-gaming-bilgisayar","15":"product_tag-gaming-laptop","16":"product_tag-gaming-monitor","17":"product_tag-gaming-mouse","18":"product_tag-guc-kaynagi-psu","19":"product_tag-islemci-cpu","20":"product_tag-klavye","21":"product_tag-laptop","22":"product_tag-masaustu-bilgisayar","23":"product_tag-mekanik-klavye","24":"product_tag-monitor","25":"product_tag-oyun-bilgisayari","26":"product_tag-ssd","27":"pa_marka-msi","29":"first","30":"outofstock","31":"sale","32":"purchasable","33":"product-type-simple"},"aioseo_notices":[],"_links":{"self":[{"href":"https:\/\/www.a8bilisim.com\/index.php\/wp-json\/wp\/v2\/product\/28116","targetHints":{"allow":["GET"]}}],"collection":[{"href":"https:\/\/www.a8bilisim.com\/index.php\/wp-json\/wp\/v2\/product"}],"about":[{"href":"https:\/\/www.a8bilisim.com\/index.php\/wp-json\/wp\/v2\/types\/product"}],"version-history":[{"count":6,"href":"https:\/\/www.a8bilisim.com\/index.php\/wp-json\/wp\/v2\/product\/28116\/revisions"}],"predecessor-version":[{"id":258927,"href":"https:\/\/www.a8bilisim.com\/index.php\/wp-json\/wp\/v2\/product\/28116\/revisions\/258927"}],"wp:featuredmedia":[{"embeddable":true,"href":"https:\/\/www.a8bilisim.com\/index.php\/wp-json\/wp\/v2\/media\/28118"}],"wp:attachment":[{"href":"https:\/\/www.a8bilisim.com\/index.php\/wp-json\/wp\/v2\/media?parent=28116"}],"wp:term":[{"taxonomy":"product_brand","embeddable":true,"href":"https:\/\/www.a8bilisim.com\/index.php\/wp-json\/wp\/v2\/product_brand?post=28116"},{"taxonomy":"product_cat","embeddable":true,"href":"https:\/\/www.a8bilisim.com\/index.php\/wp-json\/wp\/v2\/product_cat?post=28116"},{"taxonomy":"product_tag","embeddable":true,"href":"https:\/\/www.a8bilisim.com\/index.php\/wp-json\/wp\/v2\/product_tag?post=28116"}],"curies":[{"name":"wp","href":"https:\/\/api.w.org\/{rel}","templated":true}]}}