{"id":28704,"date":"2025-10-01T08:22:02","date_gmt":"2025-10-01T05:22:02","guid":{"rendered":"http:\/\/20.124.82.17\/wordpress\/index.php\/urun\/tunmatik-newtech-eco-x9-1kva-1-1-2x7ah-online-ups-led-tsk10223-tsk10223-akn48045\/"},"modified":"2026-04-24T06:10:19","modified_gmt":"2026-04-24T03:10:19","slug":"tunmatik-newtech-eco-x9-1kva-1-1-2x7ah-online-ups-led-tsk10223-tsk10223-akn48045","status":"publish","type":"product","link":"https:\/\/www.a8bilisim.com\/index.php\/urun\/tunmatik-newtech-eco-x9-1kva-1-1-2x7ah-online-ups-led-tsk10223-tsk10223-akn48045\/","title":{"rendered":"Tun&#xE7;matik Newtech ECO X9 1kVA 1\/1 (2x7Ah) Online UPS LCD  (TSK10223) \/ TSK10223-AKN48045"},"content":{"rendered":"<p>\u00dcr\u00fcn Ad\u0131: Tun&#xE7;matik Newtech ECO X9 1kVA 1\/1 (2x7Ah) Online UPS LCD  (TSK10223)<\/p>\n<p><span dir=\"auto\" style=\"vertical-align: inherit;\"><span dir=\"auto\" style=\"vertical-align: inherit;\">Stok No: AKN48045<\/span><\/span><\/p>\n<p>Stok Kodu:TSK10223<\/p>\n<p>Kategori Ad\u0131: On-Line<\/p>\n<p><span dir=\"auto\" style=\"vertical-align: inherit;\"><span dir=\"auto\" style=\"vertical-align: inherit;\">EAN Kodu: <\/span><\/span><\/p>\n<p><strong>Stoklar\u0131m\u0131zdaki Anl\u0131k De\u011fi\u015fimlerden Dolay\u0131 \u0130stedi\u011finiz \u00fcr\u00fcn\u00fcn stokta kalmamas\u0131 durumunda sipari\u015finiz iptal edilip \u00dccretiniz iade edilecek ve konu hakk\u0131nda size bilgi verilecektir.<\/strong><\/p>\n<p>Son G\u00fcncellenme Tarihi :23-04-2026 04:32<\/p>\n<p>&nbsp;<\/p>\n","protected":false},"excerpt":{"rendered":"<p>Tun&#xE7;matik Newtech ECO X9 1kVA 1\/1 (2x7Ah) Online UPS LCD  (TSK10223) &#8211; Stok Kodu:TSK10223 -AKN48045 &#8211; On-Line. Son G\u00fcncellenme Tarihi :23-04-2026 04:32<\/p>\n","protected":false},"featured_media":28706,"template":"","meta":{"_monsterinsights_skip_tracking":false,"_monsterinsights_sitenote_active":false,"_monsterinsights_sitenote_note":"","_monsterinsights_sitenote_category":0,"_joinchat":[]},"product_brand":[429],"product_cat":[219],"product_tag":[127,128,129,130,131,132,133,134,135,136,137,138,139,140,141,142,143,144,145],"class_list":{"0":"post-28704","1":"product","2":"type-product","3":"status-publish","4":"has-post-thumbnail","6":"product_brand-tuncmatik","7":"product_cat-online-ups","8":"product_tag-anakart","9":"product_tag-bilgisayar","10":"product_tag-bilgisayar-bilesenleri","11":"product_tag-bilgisayar-parcalari","12":"product_tag-dizustu-bilgisayar","13":"product_tag-ekran-karti","14":"product_tag-gaming-bilgisayar","15":"product_tag-gaming-laptop","16":"product_tag-gaming-monitor","17":"product_tag-gaming-mouse","18":"product_tag-guc-kaynagi-psu","19":"product_tag-islemci-cpu","20":"product_tag-klavye","21":"product_tag-laptop","22":"product_tag-masaustu-bilgisayar","23":"product_tag-mekanik-klavye","24":"product_tag-monitor","25":"product_tag-oyun-bilgisayari","26":"product_tag-ssd","27":"pa_marka-tuncmatik","29":"first","30":"outofstock","31":"sale","32":"purchasable","33":"product-type-simple"},"aioseo_notices":[],"_links":{"self":[{"href":"https:\/\/www.a8bilisim.com\/index.php\/wp-json\/wp\/v2\/product\/28704","targetHints":{"allow":["GET"]}}],"collection":[{"href":"https:\/\/www.a8bilisim.com\/index.php\/wp-json\/wp\/v2\/product"}],"about":[{"href":"https:\/\/www.a8bilisim.com\/index.php\/wp-json\/wp\/v2\/types\/product"}],"version-history":[{"count":9,"href":"https:\/\/www.a8bilisim.com\/index.php\/wp-json\/wp\/v2\/product\/28704\/revisions"}],"predecessor-version":[{"id":705566,"href":"https:\/\/www.a8bilisim.com\/index.php\/wp-json\/wp\/v2\/product\/28704\/revisions\/705566"}],"wp:featuredmedia":[{"embeddable":true,"href":"https:\/\/www.a8bilisim.com\/index.php\/wp-json\/wp\/v2\/media\/28706"}],"wp:attachment":[{"href":"https:\/\/www.a8bilisim.com\/index.php\/wp-json\/wp\/v2\/media?parent=28704"}],"wp:term":[{"taxonomy":"product_brand","embeddable":true,"href":"https:\/\/www.a8bilisim.com\/index.php\/wp-json\/wp\/v2\/product_brand?post=28704"},{"taxonomy":"product_cat","embeddable":true,"href":"https:\/\/www.a8bilisim.com\/index.php\/wp-json\/wp\/v2\/product_cat?post=28704"},{"taxonomy":"product_tag","embeddable":true,"href":"https:\/\/www.a8bilisim.com\/index.php\/wp-json\/wp\/v2\/product_tag?post=28704"}],"curies":[{"name":"wp","href":"https:\/\/api.w.org\/{rel}","templated":true}]}}