{"id":29395,"date":"2025-10-01T08:38:49","date_gmt":"2025-10-01T05:38:49","guid":{"rendered":"http:\/\/20.124.82.17\/wordpress\/index.php\/urun\/a4-tech-fb35c-2400-dpi-kablosuz-optik-arjl-yeil-mouse-fb35c-yesil-akn48317\/"},"modified":"2026-03-03T05:20:28","modified_gmt":"2026-03-03T02:20:28","slug":"a4-tech-fb35c-2400-dpi-kablosuz-optik-arjl-yeil-mouse-fb35c-yesil-akn48317","status":"publish","type":"product","link":"https:\/\/www.a8bilisim.com\/index.php\/urun\/a4-tech-fb35c-2400-dpi-kablosuz-optik-arjl-yeil-mouse-fb35c-yesil-akn48317\/","title":{"rendered":"A4-Tech FB35C 2400 DPI Kablosuz Optik &#x15E;arjl&#x131; Ye&#x15F;il Mouse \/ FB35C Yesil-AKN48317"},"content":{"rendered":"<p>\u00dcr\u00fcn Ad\u0131: A4-Tech FB35C 2400 DPI Kablosuz Optik &#x15E;arjl&#x131; Ye&#x15F;il Mouse<\/p>\n<p><span dir=\"auto\" style=\"vertical-align: inherit;\"><span dir=\"auto\" style=\"vertical-align: inherit;\">Stok No: AKN48317<\/span><\/span><\/p>\n<p>Stok Kodu:FB35C Yesil<\/p>\n<p>Kategori Ad\u0131: Kablosuz Mouselar<\/p>\n<p><span dir=\"auto\" style=\"vertical-align: inherit;\"><span dir=\"auto\" style=\"vertical-align: inherit;\">EAN Kodu: <\/span><\/span><\/p>\n<p><strong>Stoklar\u0131m\u0131zdaki Anl\u0131k De\u011fi\u015fimlerden Dolay\u0131 \u0130stedi\u011finiz \u00fcr\u00fcn\u00fcn stokta kalmamas\u0131 durumunda sipari\u015finiz iptal edilip \u00dccretiniz iade edilecek ve konu hakk\u0131nda size bilgi verilecektir.<\/strong><\/p>\n<p>Son G\u00fcncellenme Tarihi :03-03-2026 00:32<\/p>\n<p>&nbsp;<\/p>\n","protected":false},"excerpt":{"rendered":"<p>A4-Tech FB35C 2400 DPI Kablosuz Optik &#x15E;arjl&#x131; Ye&#x15F;il Mouse &#8211; Stok Kodu:FB35C Yesil -AKN48317 &#8211; Kablosuz Mouselar. Son G\u00fcncellenme Tarihi :03-03-2026 00:32<\/p>\n","protected":false},"featured_media":29397,"template":"","meta":{"_monsterinsights_skip_tracking":false,"_monsterinsights_sitenote_active":false,"_monsterinsights_sitenote_note":"","_monsterinsights_sitenote_category":0,"_joinchat":[]},"product_brand":[151],"product_cat":[152],"product_tag":[127,128,129,130,131,132,133,134,135,136,137,138,139,140,141,142,143,144,145],"class_list":{"0":"post-29395","1":"product","2":"type-product","3":"status-publish","4":"has-post-thumbnail","6":"product_brand-a4-tech","7":"product_cat-mouse","8":"product_tag-anakart","9":"product_tag-bilgisayar","10":"product_tag-bilgisayar-bilesenleri","11":"product_tag-bilgisayar-parcalari","12":"product_tag-dizustu-bilgisayar","13":"product_tag-ekran-karti","14":"product_tag-gaming-bilgisayar","15":"product_tag-gaming-laptop","16":"product_tag-gaming-monitor","17":"product_tag-gaming-mouse","18":"product_tag-guc-kaynagi-psu","19":"product_tag-islemci-cpu","20":"product_tag-klavye","21":"product_tag-laptop","22":"product_tag-masaustu-bilgisayar","23":"product_tag-mekanik-klavye","24":"product_tag-monitor","25":"product_tag-oyun-bilgisayari","26":"product_tag-ssd","27":"pa_marka-a4-tech","29":"first","30":"outofstock","31":"sale","32":"purchasable","33":"product-type-simple"},"aioseo_notices":[],"_links":{"self":[{"href":"https:\/\/www.a8bilisim.com\/index.php\/wp-json\/wp\/v2\/product\/29395","targetHints":{"allow":["GET"]}}],"collection":[{"href":"https:\/\/www.a8bilisim.com\/index.php\/wp-json\/wp\/v2\/product"}],"about":[{"href":"https:\/\/www.a8bilisim.com\/index.php\/wp-json\/wp\/v2\/types\/product"}],"version-history":[{"count":2,"href":"https:\/\/www.a8bilisim.com\/index.php\/wp-json\/wp\/v2\/product\/29395\/revisions"}],"predecessor-version":[{"id":577950,"href":"https:\/\/www.a8bilisim.com\/index.php\/wp-json\/wp\/v2\/product\/29395\/revisions\/577950"}],"wp:featuredmedia":[{"embeddable":true,"href":"https:\/\/www.a8bilisim.com\/index.php\/wp-json\/wp\/v2\/media\/29397"}],"wp:attachment":[{"href":"https:\/\/www.a8bilisim.com\/index.php\/wp-json\/wp\/v2\/media?parent=29395"}],"wp:term":[{"taxonomy":"product_brand","embeddable":true,"href":"https:\/\/www.a8bilisim.com\/index.php\/wp-json\/wp\/v2\/product_brand?post=29395"},{"taxonomy":"product_cat","embeddable":true,"href":"https:\/\/www.a8bilisim.com\/index.php\/wp-json\/wp\/v2\/product_cat?post=29395"},{"taxonomy":"product_tag","embeddable":true,"href":"https:\/\/www.a8bilisim.com\/index.php\/wp-json\/wp\/v2\/product_tag?post=29395"}],"curies":[{"name":"wp","href":"https:\/\/api.w.org\/{rel}","templated":true}]}}