{"id":34801,"date":"2025-10-02T08:20:56","date_gmt":"2025-10-02T05:20:56","guid":{"rendered":"http:\/\/20.124.82.17\/wordpress\/index.php\/urun\/oem-lns-7001-nlne-coupler-rj45-ek-brletrc-lns-7001-kar60733\/"},"modified":"2026-01-03T05:24:44","modified_gmt":"2026-01-03T02:24:44","slug":"oem-lns-7001-nlne-coupler-rj45-ek-brletrc-lns-7001-kar60733","status":"publish","type":"product","link":"https:\/\/www.a8bilisim.com\/index.php\/urun\/oem-lns-7001-nlne-coupler-rj45-ek-brletrc-lns-7001-kar60733\/","title":{"rendered":"OEM LNS-7001 &#x130;NL&#x130;NE COUPLER RJ45 EK B&#x130;RLE&#x15E;T&#x130;R&#x130;C&#x130; \/ LNS-7001-KAR60733"},"content":{"rendered":"<p>\u00dcr\u00fcn Ad\u0131: OEM LNS-7001 &#x130;NL&#x130;NE COUPLER RJ45 EK B&#x130;RLE&#x15E;T&#x130;R&#x130;C&#x130;<\/p>\n<p>Stok No: KAR60733<\/p>\n<p>Stok Kodu:LNS-7001<\/p>\n<p>Kategori Ad\u0131: Network Aksesuar<\/p>\n<p>Marka:\u00a0 MARKASIZ<\/p>\n<p>EAN Kodu: 7007001<\/p>\n<p><strong>Stoklar\u0131m\u0131zdaki Anl\u0131k De\u011fi\u015fimlerden Dolay\u0131 \u0130stedi\u011finiz \u00fcr\u00fcn\u00fcn stokta kalmamas\u0131 durumunda sipari\u015finiz iptal edilip \u00dccretiniz iade edilecek ve konu hakk\u0131nda size bilgi verilecektir.<\/strong><\/p>\n<p>Son G\u00fcncellenme Tarihi :03-01-2026 00:36<\/p>\n<p>&nbsp;<\/p>\n","protected":false},"excerpt":{"rendered":"<p>OEM LNS-7001 &#x130;NL&#x130;NE COUPLER RJ45 EK B&#x130;RLE&#x15E;T&#x130;R&#x130;C&#x130; &#8211; Stok Kodu:LNS-7001 -KAR60733 &#8211; Network Aksesuar. Son G\u00fcncellenme Tarihi :03-01-2026 00:36<\/p>\n","protected":false},"featured_media":34803,"template":"","meta":{"_monsterinsights_skip_tracking":false,"_monsterinsights_sitenote_active":false,"_monsterinsights_sitenote_note":"","_monsterinsights_sitenote_category":0,"_joinchat":[]},"product_brand":[154],"product_cat":[148],"product_tag":[127,128,129,130,131,132,133,134,135,136,137,138,139,140,141,142,143,144,145],"class_list":{"0":"post-34801","1":"product","2":"type-product","3":"status-publish","4":"has-post-thumbnail","6":"product_brand-markasiz","7":"product_cat-yedek-para-ve-aksesuar","8":"product_tag-anakart","9":"product_tag-bilgisayar","10":"product_tag-bilgisayar-bilesenleri","11":"product_tag-bilgisayar-parcalari","12":"product_tag-dizustu-bilgisayar","13":"product_tag-ekran-karti","14":"product_tag-gaming-bilgisayar","15":"product_tag-gaming-laptop","16":"product_tag-gaming-monitor","17":"product_tag-gaming-mouse","18":"product_tag-guc-kaynagi-psu","19":"product_tag-islemci-cpu","20":"product_tag-klavye","21":"product_tag-laptop","22":"product_tag-masaustu-bilgisayar","23":"product_tag-mekanik-klavye","24":"product_tag-monitor","25":"product_tag-oyun-bilgisayari","26":"product_tag-ssd","27":"pa_marka-markasiz","29":"first","30":"outofstock","31":"sale","32":"purchasable","33":"product-type-simple"},"aioseo_notices":[],"_links":{"self":[{"href":"https:\/\/www.a8bilisim.com\/index.php\/wp-json\/wp\/v2\/product\/34801","targetHints":{"allow":["GET"]}}],"collection":[{"href":"https:\/\/www.a8bilisim.com\/index.php\/wp-json\/wp\/v2\/product"}],"about":[{"href":"https:\/\/www.a8bilisim.com\/index.php\/wp-json\/wp\/v2\/types\/product"}],"version-history":[{"count":82,"href":"https:\/\/www.a8bilisim.com\/index.php\/wp-json\/wp\/v2\/product\/34801\/revisions"}],"predecessor-version":[{"id":404979,"href":"https:\/\/www.a8bilisim.com\/index.php\/wp-json\/wp\/v2\/product\/34801\/revisions\/404979"}],"wp:featuredmedia":[{"embeddable":true,"href":"https:\/\/www.a8bilisim.com\/index.php\/wp-json\/wp\/v2\/media\/34803"}],"wp:attachment":[{"href":"https:\/\/www.a8bilisim.com\/index.php\/wp-json\/wp\/v2\/media?parent=34801"}],"wp:term":[{"taxonomy":"product_brand","embeddable":true,"href":"https:\/\/www.a8bilisim.com\/index.php\/wp-json\/wp\/v2\/product_brand?post=34801"},{"taxonomy":"product_cat","embeddable":true,"href":"https:\/\/www.a8bilisim.com\/index.php\/wp-json\/wp\/v2\/product_cat?post=34801"},{"taxonomy":"product_tag","embeddable":true,"href":"https:\/\/www.a8bilisim.com\/index.php\/wp-json\/wp\/v2\/product_tag?post=34801"}],"curies":[{"name":"wp","href":"https:\/\/api.w.org\/{rel}","templated":true}]}}