{"id":418064,"date":"2026-01-06T05:36:26","date_gmt":"2026-01-06T02:36:26","guid":{"rendered":"https:\/\/www.a8bilisim.com\/index.php\/urun\/kingston-dm8sep4256q-a01-m-2-256gb-3300-1100mb-s-pcie-nvme-ssd-disk-22x80mm-kutusuz-40675-gun40675\/"},"modified":"2026-02-03T05:24:33","modified_gmt":"2026-02-03T02:24:33","slug":"kingston-dm8sep4256q-a01-m-2-256gb-3300-1100mb-s-pcie-nvme-ssd-disk-22x80mm-kutusuz-40675-gun40675","status":"publish","type":"product","link":"https:\/\/www.a8bilisim.com\/index.php\/urun\/kingston-dm8sep4256q-a01-m-2-256gb-3300-1100mb-s-pcie-nvme-ssd-disk-22x80mm-kutusuz-40675-gun40675\/","title":{"rendered":"KINGSTON DM8SEP4256Q-A01 M.2 256GB (3300\/1100MB\/s) PCIe + NVMe SSD Disk (22x80MM) Kutusuz \/ 40675-GUN40675"},"content":{"rendered":"<p>\u00dcr\u00fcn Ad\u0131: KINGSTON DM8SEP4256Q-A01 M.2 256GB (3300\/1100MB\/s) PCIe + NVMe SSD Disk (22x80MM) Kutusuz<\/p>\n<p><span dir=\"auto\" style=\"vertical-align: inherit;\"><span dir=\"auto\" style=\"vertical-align: inherit;\">Stok No: GUN40675<\/span><\/span><\/p>\n<p>Stok Kodu:40675<\/p>\n<p>Kategori Ad\u0131: Harddiskler<\/p>\n<p><span dir=\"auto\" style=\"vertical-align: inherit;\"><span dir=\"auto\" style=\"vertical-align: inherit;\">EAN Kodu: <\/span><\/span><\/p>\n<p><strong>Stoklar\u0131m\u0131zdaki Anl\u0131k De\u011fi\u015fimlerden Dolay\u0131 \u0130stedi\u011finiz \u00fcr\u00fcn\u00fcn stokta kalmamas\u0131 durumunda sipari\u015finiz iptal edilip \u00dccretiniz iade edilecek ve konu hakk\u0131nda size bilgi verilecektir.<\/strong><\/p>\n<p>Son G\u00fcncellenme Tarihi :03-02-2026 00:31<\/p>\n<p>&nbsp;<\/p>\n","protected":false},"excerpt":{"rendered":"<p>KINGSTON DM8SEP4256Q-A01 M.2 256GB (3300\/1100MB\/s) PCIe + NVMe SSD Disk (22x80MM) Kutusuz &#8211; Stok Kodu:40675 -GUN40675 &#8211; Harddiskler. Son G\u00fcncellenme Tarihi :03-02-2026 00:31<\/p>\n","protected":false},"featured_media":0,"template":"","meta":{"_monsterinsights_skip_tracking":false,"_monsterinsights_sitenote_active":false,"_monsterinsights_sitenote_note":"","_monsterinsights_sitenote_category":0,"_joinchat":[]},"product_brand":[282],"product_cat":[224],"product_tag":[127,128,129,130,131,132,133,134,135,136,137,138,139,140,141,142,143,144,145],"class_list":{"0":"post-418064","1":"product","2":"type-product","3":"status-publish","5":"product_brand-kingston","6":"product_cat-harddisk","7":"product_tag-anakart","8":"product_tag-bilgisayar","9":"product_tag-bilgisayar-bilesenleri","10":"product_tag-bilgisayar-parcalari","11":"product_tag-dizustu-bilgisayar","12":"product_tag-ekran-karti","13":"product_tag-gaming-bilgisayar","14":"product_tag-gaming-laptop","15":"product_tag-gaming-monitor","16":"product_tag-gaming-mouse","17":"product_tag-guc-kaynagi-psu","18":"product_tag-islemci-cpu","19":"product_tag-klavye","20":"product_tag-laptop","21":"product_tag-masaustu-bilgisayar","22":"product_tag-mekanik-klavye","23":"product_tag-monitor","24":"product_tag-oyun-bilgisayari","25":"product_tag-ssd","26":"pa_marka-kingston","28":"first","29":"outofstock","30":"sale","31":"purchasable","32":"product-type-simple"},"aioseo_notices":[],"_links":{"self":[{"href":"https:\/\/www.a8bilisim.com\/index.php\/wp-json\/wp\/v2\/product\/418064","targetHints":{"allow":["GET"]}}],"collection":[{"href":"https:\/\/www.a8bilisim.com\/index.php\/wp-json\/wp\/v2\/product"}],"about":[{"href":"https:\/\/www.a8bilisim.com\/index.php\/wp-json\/wp\/v2\/types\/product"}],"version-history":[{"count":29,"href":"https:\/\/www.a8bilisim.com\/index.php\/wp-json\/wp\/v2\/product\/418064\/revisions"}],"predecessor-version":[{"id":500257,"href":"https:\/\/www.a8bilisim.com\/index.php\/wp-json\/wp\/v2\/product\/418064\/revisions\/500257"}],"wp:attachment":[{"href":"https:\/\/www.a8bilisim.com\/index.php\/wp-json\/wp\/v2\/media?parent=418064"}],"wp:term":[{"taxonomy":"product_brand","embeddable":true,"href":"https:\/\/www.a8bilisim.com\/index.php\/wp-json\/wp\/v2\/product_brand?post=418064"},{"taxonomy":"product_cat","embeddable":true,"href":"https:\/\/www.a8bilisim.com\/index.php\/wp-json\/wp\/v2\/product_cat?post=418064"},{"taxonomy":"product_tag","embeddable":true,"href":"https:\/\/www.a8bilisim.com\/index.php\/wp-json\/wp\/v2\/product_tag?post=418064"}],"curies":[{"name":"wp","href":"https:\/\/api.w.org\/{rel}","templated":true}]}}