{"id":418093,"date":"2026-01-06T05:36:26","date_gmt":"2026-01-06T02:36:26","guid":{"rendered":"https:\/\/www.a8bilisim.com\/index.php\/urun\/samsung-mz-vap1t0cw-9100-pro-m-2-1tb-14700-13300mb-s-pcie-nvme-ssd-disk-22x80mm-gaming-type-40700-gun40700\/"},"modified":"2026-02-20T05:28:56","modified_gmt":"2026-02-20T02:28:56","slug":"samsung-mz-vap1t0cw-9100-pro-m-2-1tb-14700-13300mb-s-pcie-nvme-ssd-disk-22x80mm-gaming-type-40700-gun40700","status":"publish","type":"product","link":"https:\/\/www.a8bilisim.com\/index.php\/urun\/samsung-mz-vap1t0cw-9100-pro-m-2-1tb-14700-13300mb-s-pcie-nvme-ssd-disk-22x80mm-gaming-type-40700-gun40700\/","title":{"rendered":"SAMSUNG MZ-VAP1T0CW 9100 PRO M.2 1TB (14700\/13300MB\/s) PCIe + NVMe SSD Disk (22x80mm) Gaming Type \/ 40700-GUN40700"},"content":{"rendered":"<p>\u00dcr\u00fcn Ad\u0131: SAMSUNG MZ-VAP1T0CW 9100 PRO M.2 1TB (14700\/13300MB\/s) PCIe + NVMe SSD Disk (22x80mm) Gaming Type<\/p>\n<p><span dir=\"auto\" style=\"vertical-align: inherit;\"><span dir=\"auto\" style=\"vertical-align: inherit;\">Stok No: GUN40700<\/span><\/span><\/p>\n<p>Stok Kodu:40700<\/p>\n<p>Kategori Ad\u0131: Harddiskler<\/p>\n<p><span dir=\"auto\" style=\"vertical-align: inherit;\"><span dir=\"auto\" style=\"vertical-align: inherit;\">EAN Kodu: <\/span><\/span><\/p>\n<p><strong>Stoklar\u0131m\u0131zdaki Anl\u0131k De\u011fi\u015fimlerden Dolay\u0131 \u0130stedi\u011finiz \u00fcr\u00fcn\u00fcn stokta kalmamas\u0131 durumunda sipari\u015finiz iptal edilip \u00dccretiniz iade edilecek ve konu hakk\u0131nda size bilgi verilecektir.<\/strong><\/p>\n<p>Son G\u00fcncellenme Tarihi :20-02-2026 00:31<\/p>\n<p>&nbsp;<\/p>\n","protected":false},"excerpt":{"rendered":"<p>SAMSUNG MZ-VAP1T0CW 9100 PRO M.2 1TB (14700\/13300MB\/s) PCIe + NVMe SSD Disk (22x80mm) Gaming Type &#8211; Stok Kodu:40700 -GUN40700 &#8211; Harddiskler. Son G\u00fcncellenme Tarihi :20-02-2026 00:31<\/p>\n","protected":false},"featured_media":418095,"template":"","meta":{"_monsterinsights_skip_tracking":false,"_monsterinsights_sitenote_active":false,"_monsterinsights_sitenote_note":"","_monsterinsights_sitenote_category":0,"_joinchat":[]},"product_brand":[288],"product_cat":[224],"product_tag":[127,128,129,130,131,132,133,134,135,136,137,138,139,140,141,142,143,144,145],"class_list":{"0":"post-418093","1":"product","2":"type-product","3":"status-publish","4":"has-post-thumbnail","6":"product_brand-samsung","7":"product_cat-harddisk","8":"product_tag-anakart","9":"product_tag-bilgisayar","10":"product_tag-bilgisayar-bilesenleri","11":"product_tag-bilgisayar-parcalari","12":"product_tag-dizustu-bilgisayar","13":"product_tag-ekran-karti","14":"product_tag-gaming-bilgisayar","15":"product_tag-gaming-laptop","16":"product_tag-gaming-monitor","17":"product_tag-gaming-mouse","18":"product_tag-guc-kaynagi-psu","19":"product_tag-islemci-cpu","20":"product_tag-klavye","21":"product_tag-laptop","22":"product_tag-masaustu-bilgisayar","23":"product_tag-mekanik-klavye","24":"product_tag-monitor","25":"product_tag-oyun-bilgisayari","26":"product_tag-ssd","27":"pa_marka-samsung","29":"first","30":"outofstock","31":"sale","32":"purchasable","33":"product-type-simple"},"aioseo_notices":[],"_links":{"self":[{"href":"https:\/\/www.a8bilisim.com\/index.php\/wp-json\/wp\/v2\/product\/418093","targetHints":{"allow":["GET"]}}],"collection":[{"href":"https:\/\/www.a8bilisim.com\/index.php\/wp-json\/wp\/v2\/product"}],"about":[{"href":"https:\/\/www.a8bilisim.com\/index.php\/wp-json\/wp\/v2\/types\/product"}],"version-history":[{"count":45,"href":"https:\/\/www.a8bilisim.com\/index.php\/wp-json\/wp\/v2\/product\/418093\/revisions"}],"predecessor-version":[{"id":547888,"href":"https:\/\/www.a8bilisim.com\/index.php\/wp-json\/wp\/v2\/product\/418093\/revisions\/547888"}],"wp:featuredmedia":[{"embeddable":true,"href":"https:\/\/www.a8bilisim.com\/index.php\/wp-json\/wp\/v2\/media\/418095"}],"wp:attachment":[{"href":"https:\/\/www.a8bilisim.com\/index.php\/wp-json\/wp\/v2\/media?parent=418093"}],"wp:term":[{"taxonomy":"product_brand","embeddable":true,"href":"https:\/\/www.a8bilisim.com\/index.php\/wp-json\/wp\/v2\/product_brand?post=418093"},{"taxonomy":"product_cat","embeddable":true,"href":"https:\/\/www.a8bilisim.com\/index.php\/wp-json\/wp\/v2\/product_cat?post=418093"},{"taxonomy":"product_tag","embeddable":true,"href":"https:\/\/www.a8bilisim.com\/index.php\/wp-json\/wp\/v2\/product_tag?post=418093"}],"curies":[{"name":"wp","href":"https:\/\/api.w.org\/{rel}","templated":true}]}}