{"id":45114,"date":"2025-10-04T09:56:02","date_gmt":"2025-10-04T06:56:02","guid":{"rendered":"https:\/\/www.a8bilisim.com\/index.php\/urun\/twinmos-16gb-5600mhz-ddr5-u-dimm-cl36-ram-soutuculu-tmd516gb5600u36-bbi-isl-bel-mas-0156-ivt46543\/"},"modified":"2025-12-20T05:30:11","modified_gmt":"2025-12-20T02:30:11","slug":"twinmos-16gb-5600mhz-ddr5-u-dimm-cl36-ram-soutuculu-tmd516gb5600u36-bbi-isl-bel-mas-0156-ivt46543","status":"publish","type":"product","link":"https:\/\/www.a8bilisim.com\/index.php\/urun\/twinmos-16gb-5600mhz-ddr5-u-dimm-cl36-ram-soutuculu-tmd516gb5600u36-bbi-isl-bel-mas-0156-ivt46543\/","title":{"rendered":"TwinMOS 16GB 5600MHz DDR5 U-DIMM CL36 Ram (So&#x11F;utuculu) (TMD516GB5600U36) \/ Bbi.Isl.Bel.Mas.0156-IVT46543"},"content":{"rendered":"<p>\u00dcr\u00fcn Ad\u0131: TwinMOS 16GB 5600MHz DDR5 U-DIMM CL36 Ram (So&#x11F;utuculu) (TMD516GB5600U36)<\/p>\n<p>Stok No: IVT46543<\/p>\n<p>Stok Kodu:Bbi.Isl.Bel.Mas.0156<\/p>\n<p>Kategori Ad\u0131: Masa&#xFC;st&#xFC; Bellek<\/p>\n<p>Marka:\u00a0 TwinMOS<\/p>\n<p>EAN Kodu: <\/p>\n<p><strong>Stoklar\u0131m\u0131zdaki Anl\u0131k De\u011fi\u015fimlerden Dolay\u0131 \u0130stedi\u011finiz \u00fcr\u00fcn\u00fcn stokta kalmamas\u0131 durumunda sipari\u015finiz iptal edilip \u00dccretiniz iade edilecek ve konu hakk\u0131nda size bilgi verilecektir.<\/strong><\/p>\n<p>Son G\u00fcncellenme Tarihi :20-12-2025 00:35<\/p>\n<p>&nbsp;<\/p>\n","protected":false},"excerpt":{"rendered":"<p>TwinMOS 16GB 5600MHz DDR5 U-DIMM CL36 Ram (So&#x11F;utuculu) (TMD516GB5600U36) &#8211; Stok Kodu:Bbi.Isl.Bel.Mas.0156 -IVT46543 &#8211; Masa&#xFC;st&#xFC; Bellek. Son G\u00fcncellenme Tarihi :20-12-2025 00:35<\/p>\n","protected":false},"featured_media":45116,"template":"","meta":{"_monsterinsights_skip_tracking":false,"_monsterinsights_sitenote_active":false,"_monsterinsights_sitenote_note":"","_monsterinsights_sitenote_category":0,"_joinchat":[]},"product_brand":[310],"product_cat":[204],"product_tag":[127,128,129,130,131,132,133,134,135,136,137,138,139,140,141,142,143,144,145],"class_list":{"0":"post-45114","1":"product","2":"type-product","3":"status-publish","4":"has-post-thumbnail","6":"product_brand-twinmos","7":"product_cat-bellek","8":"product_tag-anakart","9":"product_tag-bilgisayar","10":"product_tag-bilgisayar-bilesenleri","11":"product_tag-bilgisayar-parcalari","12":"product_tag-dizustu-bilgisayar","13":"product_tag-ekran-karti","14":"product_tag-gaming-bilgisayar","15":"product_tag-gaming-laptop","16":"product_tag-gaming-monitor","17":"product_tag-gaming-mouse","18":"product_tag-guc-kaynagi-psu","19":"product_tag-islemci-cpu","20":"product_tag-klavye","21":"product_tag-laptop","22":"product_tag-masaustu-bilgisayar","23":"product_tag-mekanik-klavye","24":"product_tag-monitor","25":"product_tag-oyun-bilgisayari","26":"product_tag-ssd","27":"pa_marka-twinmos","29":"first","30":"outofstock","31":"purchasable","32":"product-type-simple"},"aioseo_notices":[],"_links":{"self":[{"href":"https:\/\/www.a8bilisim.com\/index.php\/wp-json\/wp\/v2\/product\/45114","targetHints":{"allow":["GET"]}}],"collection":[{"href":"https:\/\/www.a8bilisim.com\/index.php\/wp-json\/wp\/v2\/product"}],"about":[{"href":"https:\/\/www.a8bilisim.com\/index.php\/wp-json\/wp\/v2\/types\/product"}],"version-history":[{"count":15,"href":"https:\/\/www.a8bilisim.com\/index.php\/wp-json\/wp\/v2\/product\/45114\/revisions"}],"predecessor-version":[{"id":355864,"href":"https:\/\/www.a8bilisim.com\/index.php\/wp-json\/wp\/v2\/product\/45114\/revisions\/355864"}],"wp:featuredmedia":[{"embeddable":true,"href":"https:\/\/www.a8bilisim.com\/index.php\/wp-json\/wp\/v2\/media\/45116"}],"wp:attachment":[{"href":"https:\/\/www.a8bilisim.com\/index.php\/wp-json\/wp\/v2\/media?parent=45114"}],"wp:term":[{"taxonomy":"product_brand","embeddable":true,"href":"https:\/\/www.a8bilisim.com\/index.php\/wp-json\/wp\/v2\/product_brand?post=45114"},{"taxonomy":"product_cat","embeddable":true,"href":"https:\/\/www.a8bilisim.com\/index.php\/wp-json\/wp\/v2\/product_cat?post=45114"},{"taxonomy":"product_tag","embeddable":true,"href":"https:\/\/www.a8bilisim.com\/index.php\/wp-json\/wp\/v2\/product_tag?post=45114"}],"curies":[{"name":"wp","href":"https:\/\/api.w.org\/{rel}","templated":true}]}}