{"id":545980,"date":"2026-02-20T05:12:12","date_gmt":"2026-02-20T02:12:12","guid":{"rendered":"https:\/\/www.a8bilisim.com\/index.php\/urun\/ricoh-sp1120n-20ppm-a4-adfift-ynl-network-tarayc-600dpi-bas-tar-0014-ivt40210\/"},"modified":"2026-04-18T06:06:31","modified_gmt":"2026-04-18T03:06:31","slug":"ricoh-sp1120n-20ppm-a4-adfift-ynl-network-tarayc-600dpi-bas-tar-0014-ivt40210","status":"publish","type":"product","link":"https:\/\/www.a8bilisim.com\/index.php\/urun\/ricoh-sp1120n-20ppm-a4-adfift-ynl-network-tarayc-600dpi-bas-tar-0014-ivt40210\/","title":{"rendered":"Ricoh SP1120N 20PPM A4 ADF,&#xC7;ift Y&#xF6;nl&#xFC; Network Taray&#x131;c&#x131; (600Dpi) \/ bas.tar.0014-IVT40210"},"content":{"rendered":"<p>\u00dcr\u00fcn Ad\u0131: Ricoh SP1120N 20PPM A4 ADF,&#xC7;ift Y&#xF6;nl&#xFC; Network Taray&#x131;c&#x131; (600Dpi)<\/p>\n<p><span dir=\"auto\" style=\"vertical-align: inherit;\"><span dir=\"auto\" style=\"vertical-align: inherit;\">Stok No: IVT40210<\/span><\/span><\/p>\n<p>Stok Kodu:bas.tar.0014<\/p>\n<p>Kategori Ad\u0131: D&#xF6;k&#xFC;man Taray&#x131;c&#x131;<\/p>\n<p><span dir=\"auto\" style=\"vertical-align: inherit;\"><span dir=\"auto\" style=\"vertical-align: inherit;\">EAN Kodu: <\/span><\/span><\/p>\n<p><strong>Stoklar\u0131m\u0131zdaki Anl\u0131k De\u011fi\u015fimlerden Dolay\u0131 \u0130stedi\u011finiz \u00fcr\u00fcn\u00fcn stokta kalmamas\u0131 durumunda sipari\u015finiz iptal edilip \u00dccretiniz iade edilecek ve konu hakk\u0131nda size bilgi verilecektir.<\/strong><\/p>\n<p>Son G\u00fcncellenme Tarihi :18-04-2026 02:36<\/p>\n<p>&nbsp;<\/p>\n","protected":false},"excerpt":{"rendered":"<p>Ricoh SP1120N 20PPM A4 ADF,&#xC7;ift Y&#xF6;nl&#xFC; Network Taray&#x131;c&#x131; (600Dpi) &#8211; Stok Kodu:bas.tar.0014 -IVT40210 &#8211; D&#xF6;k&#xFC;man Taray&#x131;c&#x131;. Son G\u00fcncellenme Tarihi :18-04-2026 02:36<\/p>\n","protected":false},"featured_media":545982,"template":"","meta":{"_monsterinsights_skip_tracking":false,"_monsterinsights_sitenote_active":false,"_monsterinsights_sitenote_note":"","_monsterinsights_sitenote_category":0,"_joinchat":[]},"product_brand":[296],"product_cat":[297],"product_tag":[127,128,129,130,131,132,133,134,135,136,137,138,139,140,141,142,143,144,145],"class_list":{"0":"post-545980","1":"product","2":"type-product","3":"status-publish","4":"has-post-thumbnail","6":"product_brand-ricoh","7":"product_cat-tarayclar","8":"product_tag-anakart","9":"product_tag-bilgisayar","10":"product_tag-bilgisayar-bilesenleri","11":"product_tag-bilgisayar-parcalari","12":"product_tag-dizustu-bilgisayar","13":"product_tag-ekran-karti","14":"product_tag-gaming-bilgisayar","15":"product_tag-gaming-laptop","16":"product_tag-gaming-monitor","17":"product_tag-gaming-mouse","18":"product_tag-guc-kaynagi-psu","19":"product_tag-islemci-cpu","20":"product_tag-klavye","21":"product_tag-laptop","22":"product_tag-masaustu-bilgisayar","23":"product_tag-mekanik-klavye","24":"product_tag-monitor","25":"product_tag-oyun-bilgisayari","26":"product_tag-ssd","27":"pa_marka-ricoh","29":"first","30":"instock","31":"sale","32":"purchasable","33":"product-type-simple"},"aioseo_notices":[],"_links":{"self":[{"href":"https:\/\/www.a8bilisim.com\/index.php\/wp-json\/wp\/v2\/product\/545980","targetHints":{"allow":["GET"]}}],"collection":[{"href":"https:\/\/www.a8bilisim.com\/index.php\/wp-json\/wp\/v2\/product"}],"about":[{"href":"https:\/\/www.a8bilisim.com\/index.php\/wp-json\/wp\/v2\/types\/product"}],"version-history":[{"count":58,"href":"https:\/\/www.a8bilisim.com\/index.php\/wp-json\/wp\/v2\/product\/545980\/revisions"}],"predecessor-version":[{"id":698328,"href":"https:\/\/www.a8bilisim.com\/index.php\/wp-json\/wp\/v2\/product\/545980\/revisions\/698328"}],"wp:featuredmedia":[{"embeddable":true,"href":"https:\/\/www.a8bilisim.com\/index.php\/wp-json\/wp\/v2\/media\/545982"}],"wp:attachment":[{"href":"https:\/\/www.a8bilisim.com\/index.php\/wp-json\/wp\/v2\/media?parent=545980"}],"wp:term":[{"taxonomy":"product_brand","embeddable":true,"href":"https:\/\/www.a8bilisim.com\/index.php\/wp-json\/wp\/v2\/product_brand?post=545980"},{"taxonomy":"product_cat","embeddable":true,"href":"https:\/\/www.a8bilisim.com\/index.php\/wp-json\/wp\/v2\/product_cat?post=545980"},{"taxonomy":"product_tag","embeddable":true,"href":"https:\/\/www.a8bilisim.com\/index.php\/wp-json\/wp\/v2\/product_tag?post=545980"}],"curies":[{"name":"wp","href":"https:\/\/api.w.org\/{rel}","templated":true}]}}