{"id":548038,"date":"2026-02-21T05:02:33","date_gmt":"2026-02-21T02:02:33","guid":{"rendered":"https:\/\/www.a8bilisim.com\/index.php\/urun\/msi-b550m-pro-vdh-am4-ddr4-4400oc-hdmi-dp-vga-m-2-usb3-2-matx-b550m-pro-vdh-kar52345\/"},"modified":"2026-02-26T05:04:37","modified_gmt":"2026-02-26T02:04:37","slug":"msi-b550m-pro-vdh-am4-ddr4-4400oc-hdmi-dp-vga-m-2-usb3-2-matx-b550m-pro-vdh-kar52345","status":"publish","type":"product","link":"https:\/\/www.a8bilisim.com\/index.php\/urun\/msi-b550m-pro-vdh-am4-ddr4-4400oc-hdmi-dp-vga-m-2-usb3-2-matx-b550m-pro-vdh-kar52345\/","title":{"rendered":"MSI B550M PRO-VDH AM4 DDR4 4400(OC) HDMI DP VGA M.2 USB3.2 MATX \/ B550M PRO-VDH-KAR52345"},"content":{"rendered":"<p>\u00dcr\u00fcn Ad\u0131: MSI B550M PRO-VDH AM4 DDR4 4400(OC) HDMI DP VGA M.2 USB3.2 MATX<\/p>\n<p><span dir=\"auto\" style=\"vertical-align: inherit;\"><span dir=\"auto\" style=\"vertical-align: inherit;\">Stok No: KAR52345<\/span><\/span><\/p>\n<p>Stok Kodu:B550M PRO-VDH<\/p>\n<p>Kategori Ad\u0131: AMD<\/p>\n<p><span dir=\"auto\" style=\"vertical-align: inherit;\"><span dir=\"auto\" style=\"vertical-align: inherit;\">EAN Kodu: 4719072758417<\/span><\/span><\/p>\n<p><strong>Stoklar\u0131m\u0131zdaki Anl\u0131k De\u011fi\u015fimlerden Dolay\u0131 \u0130stedi\u011finiz \u00fcr\u00fcn\u00fcn stokta kalmamas\u0131 durumunda sipari\u015finiz iptal edilip \u00dccretiniz iade edilecek ve konu hakk\u0131nda size bilgi verilecektir.<\/strong><\/p>\n<p>Son G\u00fcncellenme Tarihi :26-02-2026 00:36<\/p>\n<p>&nbsp;<\/p>\n","protected":false},"excerpt":{"rendered":"<p>MSI B550M PRO-VDH AM4 DDR4 4400(OC) HDMI DP VGA M.2 USB3.2 MATX &#8211; Stok Kodu:B550M PRO-VDH -KAR52345 &#8211; AMD. Son G\u00fcncellenme Tarihi :26-02-2026 00:36<\/p>\n","protected":false},"featured_media":548040,"template":"","meta":{"_monsterinsights_skip_tracking":false,"_monsterinsights_sitenote_active":false,"_monsterinsights_sitenote_note":"","_monsterinsights_sitenote_category":0,"_joinchat":[]},"product_brand":[236],"product_cat":[276],"product_tag":[127,128,129,130,131,132,133,134,135,136,137,138,139,140,141,142,143,144,145],"class_list":{"0":"post-548038","1":"product","2":"type-product","3":"status-publish","4":"has-post-thumbnail","6":"product_brand-msi","7":"product_cat-lemciler","8":"product_tag-anakart","9":"product_tag-bilgisayar","10":"product_tag-bilgisayar-bilesenleri","11":"product_tag-bilgisayar-parcalari","12":"product_tag-dizustu-bilgisayar","13":"product_tag-ekran-karti","14":"product_tag-gaming-bilgisayar","15":"product_tag-gaming-laptop","16":"product_tag-gaming-monitor","17":"product_tag-gaming-mouse","18":"product_tag-guc-kaynagi-psu","19":"product_tag-islemci-cpu","20":"product_tag-klavye","21":"product_tag-laptop","22":"product_tag-masaustu-bilgisayar","23":"product_tag-mekanik-klavye","24":"product_tag-monitor","25":"product_tag-oyun-bilgisayari","26":"product_tag-ssd","27":"pa_marka-msi","29":"first","30":"outofstock","31":"sale","32":"purchasable","33":"product-type-simple"},"aioseo_notices":[],"_links":{"self":[{"href":"https:\/\/www.a8bilisim.com\/index.php\/wp-json\/wp\/v2\/product\/548038","targetHints":{"allow":["GET"]}}],"collection":[{"href":"https:\/\/www.a8bilisim.com\/index.php\/wp-json\/wp\/v2\/product"}],"about":[{"href":"https:\/\/www.a8bilisim.com\/index.php\/wp-json\/wp\/v2\/types\/product"}],"version-history":[{"count":6,"href":"https:\/\/www.a8bilisim.com\/index.php\/wp-json\/wp\/v2\/product\/548038\/revisions"}],"predecessor-version":[{"id":562230,"href":"https:\/\/www.a8bilisim.com\/index.php\/wp-json\/wp\/v2\/product\/548038\/revisions\/562230"}],"wp:featuredmedia":[{"embeddable":true,"href":"https:\/\/www.a8bilisim.com\/index.php\/wp-json\/wp\/v2\/media\/548040"}],"wp:attachment":[{"href":"https:\/\/www.a8bilisim.com\/index.php\/wp-json\/wp\/v2\/media?parent=548038"}],"wp:term":[{"taxonomy":"product_brand","embeddable":true,"href":"https:\/\/www.a8bilisim.com\/index.php\/wp-json\/wp\/v2\/product_brand?post=548038"},{"taxonomy":"product_cat","embeddable":true,"href":"https:\/\/www.a8bilisim.com\/index.php\/wp-json\/wp\/v2\/product_cat?post=548038"},{"taxonomy":"product_tag","embeddable":true,"href":"https:\/\/www.a8bilisim.com\/index.php\/wp-json\/wp\/v2\/product_tag?post=548038"}],"curies":[{"name":"wp","href":"https:\/\/api.w.org\/{rel}","templated":true}]}}