{"id":670273,"date":"2026-04-08T05:10:23","date_gmt":"2026-04-08T02:10:23","guid":{"rendered":"https:\/\/www.a8bilisim.com\/index.php\/urun\/asus-prime-h510m-f-r3-0-h470-ddr4-vga-yok-glan-matx-hdmi-m2-usb3-1200pv2-anakart-37119-gun4711387582992\/"},"modified":"2026-04-08T06:09:01","modified_gmt":"2026-04-08T03:09:01","slug":"asus-prime-h510m-f-r3-0-h470-ddr4-vga-yok-glan-matx-hdmi-m2-usb3-1200pv2-anakart-37119-gun4711387582992","status":"publish","type":"product","link":"https:\/\/www.a8bilisim.com\/index.php\/urun\/asus-prime-h510m-f-r3-0-h470-ddr4-vga-yok-glan-matx-hdmi-m2-usb3-1200pv2-anakart-37119-gun4711387582992\/","title":{"rendered":"ASUS PRIME H510M-F R3.0 H470 DDR4 (Vga Yok) GLan mATX HDMI M2 USB3 1200Pv2 Anakart \/ 37119-GUN4711387582992"},"content":{"rendered":"<p>\u00dcr\u00fcn Ad\u0131: ASUS PRIME H510M-F R3.0 H470 DDR4 (Vga Yok) GLan mATX HDMI M2 USB3 1200Pv2 Anakart<\/p>\n<p><span dir=\"auto\" style=\"vertical-align: inherit;\"><span dir=\"auto\" style=\"vertical-align: inherit;\">Stok No: GUN4711387582992<\/span><\/span><\/p>\n<p>Stok Kodu:37119<\/p>\n<p>Kategori Ad\u0131: Anakartlar<\/p>\n<p><span dir=\"auto\" style=\"vertical-align: inherit;\"><span dir=\"auto\" style=\"vertical-align: inherit;\">EAN Kodu: <\/span><\/span><\/p>\n<p><strong>Stoklar\u0131m\u0131zdaki Anl\u0131k De\u011fi\u015fimlerden Dolay\u0131 \u0130stedi\u011finiz \u00fcr\u00fcn\u00fcn stokta kalmamas\u0131 durumunda sipari\u015finiz iptal edilip \u00dccretiniz iade edilecek ve konu hakk\u0131nda size bilgi verilecektir.<\/strong><\/p>\n<p>Son G\u00fcncellenme Tarihi :08-04-2026 02:30<\/p>\n<p>&nbsp;<\/p>\n","protected":false},"excerpt":{"rendered":"<p>ASUS PRIME H510M-F R3.0 H470 DDR4 (Vga Yok) GLan mATX HDMI M2 USB3 1200Pv2 Anakart &#8211; Stok Kodu:37119 -GUN4711387582992 &#8211; Anakartlar. Son G\u00fcncellenme Tarihi :08-04-2026 02:30<\/p>\n","protected":false},"featured_media":670275,"template":"","meta":{"_monsterinsights_skip_tracking":false,"_monsterinsights_sitenote_active":false,"_monsterinsights_sitenote_note":"","_monsterinsights_sitenote_category":0,"_joinchat":[]},"product_brand":[194],"product_cat":[382],"product_tag":[127,128,129,130,131,132,133,134,135,136,137,138,139,140,141,142,143,144,145],"class_list":{"0":"post-670273","1":"product","2":"type-product","3":"status-publish","4":"has-post-thumbnail","6":"product_brand-asus","7":"product_cat-anakartlar","8":"product_tag-anakart","9":"product_tag-bilgisayar","10":"product_tag-bilgisayar-bilesenleri","11":"product_tag-bilgisayar-parcalari","12":"product_tag-dizustu-bilgisayar","13":"product_tag-ekran-karti","14":"product_tag-gaming-bilgisayar","15":"product_tag-gaming-laptop","16":"product_tag-gaming-monitor","17":"product_tag-gaming-mouse","18":"product_tag-guc-kaynagi-psu","19":"product_tag-islemci-cpu","20":"product_tag-klavye","21":"product_tag-laptop","22":"product_tag-masaustu-bilgisayar","23":"product_tag-mekanik-klavye","24":"product_tag-monitor","25":"product_tag-oyun-bilgisayari","26":"product_tag-ssd","27":"pa_marka-asus","29":"first","30":"instock","31":"sale","32":"purchasable","33":"product-type-simple"},"aioseo_notices":[],"_links":{"self":[{"href":"https:\/\/www.a8bilisim.com\/index.php\/wp-json\/wp\/v2\/product\/670273","targetHints":{"allow":["GET"]}}],"collection":[{"href":"https:\/\/www.a8bilisim.com\/index.php\/wp-json\/wp\/v2\/product"}],"about":[{"href":"https:\/\/www.a8bilisim.com\/index.php\/wp-json\/wp\/v2\/types\/product"}],"version-history":[{"count":2,"href":"https:\/\/www.a8bilisim.com\/index.php\/wp-json\/wp\/v2\/product\/670273\/revisions"}],"predecessor-version":[{"id":672596,"href":"https:\/\/www.a8bilisim.com\/index.php\/wp-json\/wp\/v2\/product\/670273\/revisions\/672596"}],"wp:featuredmedia":[{"embeddable":true,"href":"https:\/\/www.a8bilisim.com\/index.php\/wp-json\/wp\/v2\/media\/670275"}],"wp:attachment":[{"href":"https:\/\/www.a8bilisim.com\/index.php\/wp-json\/wp\/v2\/media?parent=670273"}],"wp:term":[{"taxonomy":"product_brand","embeddable":true,"href":"https:\/\/www.a8bilisim.com\/index.php\/wp-json\/wp\/v2\/product_brand?post=670273"},{"taxonomy":"product_cat","embeddable":true,"href":"https:\/\/www.a8bilisim.com\/index.php\/wp-json\/wp\/v2\/product_cat?post=670273"},{"taxonomy":"product_tag","embeddable":true,"href":"https:\/\/www.a8bilisim.com\/index.php\/wp-json\/wp\/v2\/product_tag?post=670273"}],"curies":[{"name":"wp","href":"https:\/\/api.w.org\/{rel}","templated":true}]}}