{"id":708197,"date":"2026-04-25T06:12:32","date_gmt":"2026-04-25T03:12:32","guid":{"rendered":"https:\/\/www.a8bilisim.com\/index.php\/urun\/canon-mf275dw-i-sensys-mono-lazerjet-a4-mono-fotokopi-tarayc-usb-ethernet-duplex-fax-wifi-yazc-36163-gun4549292196832\/"},"modified":"2026-04-25T06:12:32","modified_gmt":"2026-04-25T03:12:32","slug":"canon-mf275dw-i-sensys-mono-lazerjet-a4-mono-fotokopi-tarayc-usb-ethernet-duplex-fax-wifi-yazc-36163-gun4549292196832","status":"publish","type":"product","link":"https:\/\/www.a8bilisim.com\/index.php\/urun\/canon-mf275dw-i-sensys-mono-lazerjet-a4-mono-fotokopi-tarayc-usb-ethernet-duplex-fax-wifi-yazc-36163-gun4549292196832\/","title":{"rendered":"CANON MF275DW i-SENSYS Mono LazerJet A4 Mono Fotokopi Taray&#x131;c&#x131; Usb\/Ethernet\/Duplex\/Fax Wifi Yaz&#x131;c&#x131; \/ 36163-GUN4549292196832"},"content":{"rendered":"<p>\u00dcr\u00fcn Ad\u0131: CANON MF275DW i-SENSYS Mono LazerJet A4 Mono Fotokopi Taray&#x131;c&#x131; Usb\/Ethernet\/Duplex\/Fax Wifi Yaz&#x131;c&#x131;<\/p>\n<p><span dir=\"auto\" style=\"vertical-align: inherit;\"><span dir=\"auto\" style=\"vertical-align: inherit;\">Stok No: GUN4549292196832<\/span><\/span><\/p>\n<p>Stok Kodu:36163<\/p>\n<p>Kategori Ad\u0131: Yaz&#x131;c&#x131;lar<\/p>\n<p><span dir=\"auto\" style=\"vertical-align: inherit;\"><span dir=\"auto\" style=\"vertical-align: inherit;\">EAN Kodu: <\/span><\/span><\/p>\n<p><strong>Stoklar\u0131m\u0131zdaki Anl\u0131k De\u011fi\u015fimlerden Dolay\u0131 \u0130stedi\u011finiz \u00fcr\u00fcn\u00fcn stokta kalmamas\u0131 durumunda sipari\u015finiz iptal edilip \u00dccretiniz iade edilecek ve konu hakk\u0131nda size bilgi verilecektir.<\/strong><\/p>\n<p>Son G\u00fcncellenme Tarihi :25-04-2026 02:30<\/p>\n<p>&nbsp;<\/p>\n","protected":false},"excerpt":{"rendered":"<p>CANON MF275DW i-SENSYS Mono LazerJet A4 Mono Fotokopi Taray&#x131;c&#x131; Usb\/Ethernet\/Duplex\/Fax Wifi Yaz&#x131;c&#x131; &#8211; Stok Kodu:36163 -GUN4549292196832 &#8211; Yaz&#x131;c&#x131;lar. Son G\u00fcncellenme Tarihi :25-04-2026 02:30<\/p>\n","protected":false},"featured_media":708199,"template":"","meta":{"_monsterinsights_skip_tracking":false,"_monsterinsights_sitenote_active":false,"_monsterinsights_sitenote_note":"","_monsterinsights_sitenote_category":0,"_joinchat":[]},"product_brand":[285],"product_cat":[149],"product_tag":[127,128,129,130,131,132,133,134,135,136,137,138,139,140,141,142,143,144,145],"class_list":{"0":"post-708197","1":"product","2":"type-product","3":"status-publish","4":"has-post-thumbnail","6":"product_brand-canon","7":"product_cat-yazc-aksesuar","8":"product_tag-anakart","9":"product_tag-bilgisayar","10":"product_tag-bilgisayar-bilesenleri","11":"product_tag-bilgisayar-parcalari","12":"product_tag-dizustu-bilgisayar","13":"product_tag-ekran-karti","14":"product_tag-gaming-bilgisayar","15":"product_tag-gaming-laptop","16":"product_tag-gaming-monitor","17":"product_tag-gaming-mouse","18":"product_tag-guc-kaynagi-psu","19":"product_tag-islemci-cpu","20":"product_tag-klavye","21":"product_tag-laptop","22":"product_tag-masaustu-bilgisayar","23":"product_tag-mekanik-klavye","24":"product_tag-monitor","25":"product_tag-oyun-bilgisayari","26":"product_tag-ssd","27":"pa_marka-canon","29":"first","30":"instock","31":"sale","32":"purchasable","33":"product-type-simple"},"aioseo_notices":[],"_links":{"self":[{"href":"https:\/\/www.a8bilisim.com\/index.php\/wp-json\/wp\/v2\/product\/708197","targetHints":{"allow":["GET"]}}],"collection":[{"href":"https:\/\/www.a8bilisim.com\/index.php\/wp-json\/wp\/v2\/product"}],"about":[{"href":"https:\/\/www.a8bilisim.com\/index.php\/wp-json\/wp\/v2\/types\/product"}],"version-history":[{"count":1,"href":"https:\/\/www.a8bilisim.com\/index.php\/wp-json\/wp\/v2\/product\/708197\/revisions"}],"predecessor-version":[{"id":708198,"href":"https:\/\/www.a8bilisim.com\/index.php\/wp-json\/wp\/v2\/product\/708197\/revisions\/708198"}],"wp:featuredmedia":[{"embeddable":true,"href":"https:\/\/www.a8bilisim.com\/index.php\/wp-json\/wp\/v2\/media\/708199"}],"wp:attachment":[{"href":"https:\/\/www.a8bilisim.com\/index.php\/wp-json\/wp\/v2\/media?parent=708197"}],"wp:term":[{"taxonomy":"product_brand","embeddable":true,"href":"https:\/\/www.a8bilisim.com\/index.php\/wp-json\/wp\/v2\/product_brand?post=708197"},{"taxonomy":"product_cat","embeddable":true,"href":"https:\/\/www.a8bilisim.com\/index.php\/wp-json\/wp\/v2\/product_cat?post=708197"},{"taxonomy":"product_tag","embeddable":true,"href":"https:\/\/www.a8bilisim.com\/index.php\/wp-json\/wp\/v2\/product_tag?post=708197"}],"curies":[{"name":"wp","href":"https:\/\/api.w.org\/{rel}","templated":true}]}}