{"id":743307,"date":"2026-05-14T06:00:03","date_gmt":"2026-05-14T03:00:03","guid":{"rendered":"https:\/\/www.a8bilisim.com\/index.php\/urun\/nvc-8-port-hdmi-usb-3-0-sd-tf-ethernet-oklayc-40473-gun40473\/"},"modified":"2026-05-14T06:00:07","modified_gmt":"2026-05-14T03:00:07","slug":"nvc-8-port-hdmi-usb-3-0-sd-tf-ethernet-oklayc-40473-gun40473","status":"publish","type":"product","link":"https:\/\/www.a8bilisim.com\/index.php\/urun\/nvc-8-port-hdmi-usb-3-0-sd-tf-ethernet-oklayc-40473-gun40473\/","title":{"rendered":"NVC 8 Port HDMI, USB 3.0, SD\/TF Ethernet &#xC7;oklay&#x131;c&#x131; \/ 40473-GUN40473"},"content":{"rendered":"<p>\u00dcr\u00fcn Ad\u0131: NVC 8 Port HDMI, USB 3.0, SD\/TF Ethernet &#xC7;oklay&#x131;c&#x131;<\/p>\n<p><span dir=\"auto\" style=\"vertical-align: inherit;\"><span dir=\"auto\" style=\"vertical-align: inherit;\">Stok No: GUN40473<\/span><\/span><\/p>\n<p>Stok Kodu:40473<\/p>\n<p>Kategori Ad\u0131: USB Ba&#x11F;lant&#x131;l&#x131; &#xDC;r&#xFC;nler<\/p>\n<p><span dir=\"auto\" style=\"vertical-align: inherit;\"><span dir=\"auto\" style=\"vertical-align: inherit;\">EAN Kodu: <\/span><\/span><\/p>\n<p><strong>Stoklar\u0131m\u0131zdaki Anl\u0131k De\u011fi\u015fimlerden Dolay\u0131 \u0130stedi\u011finiz \u00fcr\u00fcn\u00fcn stokta kalmamas\u0131 durumunda sipari\u015finiz iptal edilip \u00dccretiniz iade edilecek ve konu hakk\u0131nda size bilgi verilecektir.<\/strong><\/p>\n<p>Son G\u00fcncellenme Tarihi :13-05-2026 02:32<\/p>\n<p>&nbsp;<\/p>\n","protected":false},"excerpt":{"rendered":"<p>NVC 8 Port HDMI, USB 3.0, SD\/TF Ethernet &#xC7;oklay&#x131;c&#x131; &#8211; Stok Kodu:40473 -GUN40473 &#8211; USB Ba&#x11F;lant&#x131;l&#x131; &#xDC;r&#xFC;nler. Son G\u00fcncellenme Tarihi :13-05-2026 02:32<\/p>\n","protected":false},"featured_media":743309,"template":"","meta":{"_monsterinsights_skip_tracking":false,"_monsterinsights_sitenote_active":false,"_monsterinsights_sitenote_note":"","_monsterinsights_sitenote_category":0,"_joinchat":[]},"product_brand":[657],"product_cat":[155],"product_tag":[127,128,129,130,131,132,133,134,135,136,137,138,139,140,141,142,143,144,145],"class_list":{"0":"post-743307","1":"product","2":"type-product","3":"status-publish","4":"has-post-thumbnail","6":"product_brand-nvc","7":"product_cat-barkod-yazc","8":"product_tag-anakart","9":"product_tag-bilgisayar","10":"product_tag-bilgisayar-bilesenleri","11":"product_tag-bilgisayar-parcalari","12":"product_tag-dizustu-bilgisayar","13":"product_tag-ekran-karti","14":"product_tag-gaming-bilgisayar","15":"product_tag-gaming-laptop","16":"product_tag-gaming-monitor","17":"product_tag-gaming-mouse","18":"product_tag-guc-kaynagi-psu","19":"product_tag-islemci-cpu","20":"product_tag-klavye","21":"product_tag-laptop","22":"product_tag-masaustu-bilgisayar","23":"product_tag-mekanik-klavye","24":"product_tag-monitor","25":"product_tag-oyun-bilgisayari","26":"product_tag-ssd","27":"pa_marka-nvc","29":"first","30":"instock","31":"sale","32":"purchasable","33":"product-type-simple"},"aioseo_notices":[],"_links":{"self":[{"href":"https:\/\/www.a8bilisim.com\/index.php\/wp-json\/wp\/v2\/product\/743307","targetHints":{"allow":["GET"]}}],"collection":[{"href":"https:\/\/www.a8bilisim.com\/index.php\/wp-json\/wp\/v2\/product"}],"about":[{"href":"https:\/\/www.a8bilisim.com\/index.php\/wp-json\/wp\/v2\/types\/product"}],"version-history":[{"count":1,"href":"https:\/\/www.a8bilisim.com\/index.php\/wp-json\/wp\/v2\/product\/743307\/revisions"}],"predecessor-version":[{"id":743308,"href":"https:\/\/www.a8bilisim.com\/index.php\/wp-json\/wp\/v2\/product\/743307\/revisions\/743308"}],"wp:featuredmedia":[{"embeddable":true,"href":"https:\/\/www.a8bilisim.com\/index.php\/wp-json\/wp\/v2\/media\/743309"}],"wp:attachment":[{"href":"https:\/\/www.a8bilisim.com\/index.php\/wp-json\/wp\/v2\/media?parent=743307"}],"wp:term":[{"taxonomy":"product_brand","embeddable":true,"href":"https:\/\/www.a8bilisim.com\/index.php\/wp-json\/wp\/v2\/product_brand?post=743307"},{"taxonomy":"product_cat","embeddable":true,"href":"https:\/\/www.a8bilisim.com\/index.php\/wp-json\/wp\/v2\/product_cat?post=743307"},{"taxonomy":"product_tag","embeddable":true,"href":"https:\/\/www.a8bilisim.com\/index.php\/wp-json\/wp\/v2\/product_tag?post=743307"}],"curies":[{"name":"wp","href":"https:\/\/api.w.org\/{rel}","templated":true}]}}